{"id":4270,"date":"2017-11-08T18:36:04","date_gmt":"2017-11-08T16:36:04","guid":{"rendered":"https:\/\/www.factorenergia.com\/es\/?page_id=4270"},"modified":"2026-04-21T17:09:12","modified_gmt":"2026-04-21T15:09:12","slug":"tarifa-variable","status":"publish","type":"page","link":"https:\/\/www.factorenergia.com\/es\/gas\/tarifa-variable\/","title":{"rendered":"Tarifa Variable de Gas"},"content":{"rendered":"<p>Elige esta tarifa si prefieres <strong>pagar el gas a precio de mercado.<\/strong> Te cobraremos una cuota transparente de 0,85\u20ac\/mes y, como no podemos anticiparnos al precio del mercado (t\u00e9rmino variable), tendr\u00e1s siempre disponible el hist\u00f3rico de precios en la web y en tu \u00e1rea clientes para que veas su evoluci\u00f3n anual.<\/p>\n","protected":false},"excerpt":{"rendered":"<p>Elige esta tarifa si prefieres pagar el gas a precio de mercado. Te cobraremos una cuota transparente de 0,85\u20ac\/mes y, como no podemos anticiparnos al precio del mercado (t\u00e9rmino variable), tendr\u00e1s siempre disponible el hist\u00f3rico de precios en la web y en tu \u00e1rea clientes para que veas su evoluci\u00f3n anual.<\/p>\n","protected":false},"author":12,"featured_media":0,"parent":4616,"menu_order":0,"comment_status":"closed","ping_status":"closed","template":"templates\/tarifas.php","meta":{"inline_featured_image":false,"footnotes":""},"categories":[6],"tags":[],"acf":[],"yoast_head":"<!-- This site is optimized with the Yoast SEO plugin v22.2 - https:\/\/yoast.com\/wordpress\/plugins\/seo\/ -->\n<title>Tarifa Variable de Gas: Paga por lo que uses | factorenergia<\/title>\n<meta name=\"description\" content=\"Con la tarifa variable de gas natural paga justo lo que vale el gas. Te cobramos una comisi\u00f3n de 0,50\u20ac\/mes y tendr\u00e1s siempre los precios por kW.\" \/>\n<meta name=\"robots\" content=\"index, follow, max-snippet:-1, max-image-preview:large, max-video-preview:-1\" \/>\n<link rel=\"canonical\" href=\"https:\/\/www.factorenergia.com\/es\/gas\/tarifa-variable\/\" \/>\n<meta name=\"twitter:card\" content=\"summary_large_image\" \/>\n<meta name=\"twitter:title\" content=\"Tarifa Variable de Gas: Paga por lo que uses | factorenergia\" \/>\n<meta name=\"twitter:description\" content=\"Con la tarifa variable de gas natural paga justo lo que vale el gas. Te cobramos una comisi\u00f3n de 0,50\u20ac\/mes y tendr\u00e1s siempre los precios por kW.\" \/>\n<meta name=\"twitter:site\" content=\"@factorenergia\" \/>\n<meta name=\"twitter:label1\" content=\"Tiempo de lectura\" \/>\n\t<meta name=\"twitter:data1\" content=\"1 minuto\" \/>\n<script type=\"application\/ld+json\" class=\"yoast-schema-graph\">{\"@context\":\"https:\/\/schema.org\",\"@graph\":[{\"@type\":\"WebPage\",\"@id\":\"https:\/\/www.factorenergia.com\/es\/gas\/tarifa-variable\/\",\"url\":\"https:\/\/www.factorenergia.com\/es\/gas\/tarifa-variable\/\",\"name\":\"Tarifa Variable de Gas: Paga por lo que uses | factorenergia\",\"isPartOf\":{\"@id\":\"https:\/\/www.factorenergia.com\/es\/#website\"},\"datePublished\":\"2017-11-08T16:36:04+00:00\",\"dateModified\":\"2026-04-21T15:09:12+00:00\",\"description\":\"Con la tarifa variable de gas natural paga justo lo que vale el gas. Te cobramos una comisi\u00f3n de 0,50\u20ac\/mes y tendr\u00e1s siempre los precios por kW.\",\"breadcrumb\":{\"@id\":\"https:\/\/www.factorenergia.com\/es\/gas\/tarifa-variable\/#breadcrumb\"},\"inLanguage\":\"es\",\"potentialAction\":[{\"@type\":\"ReadAction\",\"target\":[\"https:\/\/www.factorenergia.com\/es\/gas\/tarifa-variable\/\"]}]},{\"@type\":\"BreadcrumbList\",\"@id\":\"https:\/\/www.factorenergia.com\/es\/gas\/tarifa-variable\/#breadcrumb\",\"itemListElement\":[{\"@type\":\"ListItem\",\"position\":1,\"name\":\"Portada\",\"item\":\"https:\/\/www.factorenergia.com\/es\/\"},{\"@type\":\"ListItem\",\"position\":2,\"name\":\"Tarifas Gas\",\"item\":\"https:\/\/www.factorenergia.com\/es\/gas\/\"},{\"@type\":\"ListItem\",\"position\":3,\"name\":\"Tarifa Variable de Gas\"}]},{\"@type\":\"WebSite\",\"@id\":\"https:\/\/www.factorenergia.com\/es\/#website\",\"url\":\"https:\/\/www.factorenergia.com\/es\/\",\"name\":\"factorenergia\",\"description\":\"Factor Energ\u00eda\",\"potentialAction\":[{\"@type\":\"SearchAction\",\"target\":{\"@type\":\"EntryPoint\",\"urlTemplate\":\"https:\/\/www.factorenergia.com\/es\/?s={search_term_string}\"},\"query-input\":\"required name=search_term_string\"}],\"inLanguage\":\"es\"}]}<\/script>\n<!-- \/ Yoast SEO plugin. -->","yoast_head_json":{"title":"Tarifa Variable de Gas: Paga por lo que uses | factorenergia","description":"Con la tarifa variable de gas natural paga justo lo que vale el gas. Te cobramos una comisi\u00f3n de 0,50\u20ac\/mes y tendr\u00e1s siempre los precios por kW.","robots":{"index":"index","follow":"follow","max-snippet":"max-snippet:-1","max-image-preview":"max-image-preview:large","max-video-preview":"max-video-preview:-1"},"canonical":"https:\/\/www.factorenergia.com\/es\/gas\/tarifa-variable\/","twitter_card":"summary_large_image","twitter_title":"Tarifa Variable de Gas: Paga por lo que uses | factorenergia","twitter_description":"Con la tarifa variable de gas natural paga justo lo que vale el gas. Te cobramos una comisi\u00f3n de 0,50\u20ac\/mes y tendr\u00e1s siempre los precios por kW.","twitter_site":"@factorenergia","twitter_misc":{"Tiempo de lectura":"1 minuto"},"schema":{"@context":"https:\/\/schema.org","@graph":[{"@type":"WebPage","@id":"https:\/\/www.factorenergia.com\/es\/gas\/tarifa-variable\/","url":"https:\/\/www.factorenergia.com\/es\/gas\/tarifa-variable\/","name":"Tarifa Variable de Gas: Paga por lo que uses | factorenergia","isPartOf":{"@id":"https:\/\/www.factorenergia.com\/es\/#website"},"datePublished":"2017-11-08T16:36:04+00:00","dateModified":"2026-04-21T15:09:12+00:00","description":"Con la tarifa variable de gas natural paga justo lo que vale el gas. Te cobramos una comisi\u00f3n de 0,50\u20ac\/mes y tendr\u00e1s siempre los precios por kW.","breadcrumb":{"@id":"https:\/\/www.factorenergia.com\/es\/gas\/tarifa-variable\/#breadcrumb"},"inLanguage":"es","potentialAction":[{"@type":"ReadAction","target":["https:\/\/www.factorenergia.com\/es\/gas\/tarifa-variable\/"]}]},{"@type":"BreadcrumbList","@id":"https:\/\/www.factorenergia.com\/es\/gas\/tarifa-variable\/#breadcrumb","itemListElement":[{"@type":"ListItem","position":1,"name":"Portada","item":"https:\/\/www.factorenergia.com\/es\/"},{"@type":"ListItem","position":2,"name":"Tarifas Gas","item":"https:\/\/www.factorenergia.com\/es\/gas\/"},{"@type":"ListItem","position":3,"name":"Tarifa Variable de Gas"}]},{"@type":"WebSite","@id":"https:\/\/www.factorenergia.com\/es\/#website","url":"https:\/\/www.factorenergia.com\/es\/","name":"factorenergia","description":"Factor Energ\u00eda","potentialAction":[{"@type":"SearchAction","target":{"@type":"EntryPoint","urlTemplate":"https:\/\/www.factorenergia.com\/es\/?s={search_term_string}"},"query-input":"required name=search_term_string"}],"inLanguage":"es"}]}},"_links":{"self":[{"href":"https:\/\/www.factorenergia.com\/es\/wp-json\/wp\/v2\/pages\/4270"}],"collection":[{"href":"https:\/\/www.factorenergia.com\/es\/wp-json\/wp\/v2\/pages"}],"about":[{"href":"https:\/\/www.factorenergia.com\/es\/wp-json\/wp\/v2\/types\/page"}],"author":[{"embeddable":true,"href":"https:\/\/www.factorenergia.com\/es\/wp-json\/wp\/v2\/users\/12"}],"replies":[{"embeddable":true,"href":"https:\/\/www.factorenergia.com\/es\/wp-json\/wp\/v2\/comments?post=4270"}],"version-history":[{"count":258,"href":"https:\/\/www.factorenergia.com\/es\/wp-json\/wp\/v2\/pages\/4270\/revisions"}],"predecessor-version":[{"id":31611,"href":"https:\/\/www.factorenergia.com\/es\/wp-json\/wp\/v2\/pages\/4270\/revisions\/31611"}],"up":[{"embeddable":true,"href":"https:\/\/www.factorenergia.com\/es\/wp-json\/wp\/v2\/pages\/4616"}],"wp:attachment":[{"href":"https:\/\/www.factorenergia.com\/es\/wp-json\/wp\/v2\/media?parent=4270"}],"wp:term":[{"taxonomy":"category","embeddable":true,"href":"https:\/\/www.factorenergia.com\/es\/wp-json\/wp\/v2\/categories?post=4270"},{"taxonomy":"post_tag","embeddable":true,"href":"https:\/\/www.factorenergia.com\/es\/wp-json\/wp\/v2\/tags?post=4270"}],"curies":[{"name":"wp","href":"https:\/\/api.w.org\/{rel}","templated":true}]}}

<p>Elige esta tarifa si prefieres <strong>pagar el gas a precio de mercado.</strong> Te cobraremos una cuota transparente de 0,85€/mes y, como no podemos anticiparnos al precio del mercado (término variable), tendrás siempre disponible el histórico de precios en la web y en tu área clientes para que veas su evolución anual.</p>

<p>Elige esta tarifa si prefieres pagar el gas a precio de mercado. Te cobraremos una cuota transparente de 0,85€/mes y, como no podemos anticiparnos al precio del mercado (término variable), tendrás siempre disponible el histórico de precios en la web y en tu área clientes para que veas su evolución anual.</p>

<!-- This site is optimized with the Yoast SEO plugin v22.2 - https://yoast.com/wordpress/plugins/seo/ -->
<title>Tarifa Variable de Gas: Paga por lo que uses | factorenergia</title>
<meta name="description" content="Con la tarifa variable de gas natural paga justo lo que vale el gas. Te cobramos una comisión de 0,50€/mes y tendrás siempre los precios por kW." />
<meta name="robots" content="index, follow, max-snippet:-1, max-image-preview:large, max-video-preview:-1" />
<link rel="canonical" href="https://www.factorenergia.com/es/gas/tarifa-variable/" />
<meta name="twitter:card" content="summary_large_image" />
<meta name="twitter:title" content="Tarifa Variable de Gas: Paga por lo que uses | factorenergia" />
<meta name="twitter:description" content="Con la tarifa variable de gas natural paga justo lo que vale el gas. Te cobramos una comisión de 0,50€/mes y tendrás siempre los precios por kW." />
<meta name="twitter:site" content="@factorenergia" />
<meta name="twitter:label1" content="Tiempo de lectura" />
	<meta name="twitter:data1" content="1 minuto" />
<script type="application/ld+json" class="yoast-schema-graph">{"@context":"https://schema.org","@graph":[{"@type":"WebPage","@id":"https://www.factorenergia.com/es/gas/tarifa-variable/","url":"https://www.factorenergia.com/es/gas/tarifa-variable/","name":"Tarifa Variable de Gas: Paga por lo que uses | factorenergia","isPartOf":{"@id":"https://www.factorenergia.com/es/#website"},"datePublished":"2017-11-08T16:36:04+00:00","dateModified":"2026-04-21T15:09:12+00:00","description":"Con la tarifa variable de gas natural paga justo lo que vale el gas. Te cobramos una comisión de 0,50€/mes y tendrás siempre los precios por kW.","breadcrumb":{"@id":"https://www.factorenergia.com/es/gas/tarifa-variable/#breadcrumb"},"inLanguage":"es","potentialAction":[{"@type":"ReadAction","target":["https://www.factorenergia.com/es/gas/tarifa-variable/"]}]},{"@type":"BreadcrumbList","@id":"https://www.factorenergia.com/es/gas/tarifa-variable/#breadcrumb","itemListElement":[{"@type":"ListItem","position":1,"name":"Portada","item":"https://www.factorenergia.com/es/"},{"@type":"ListItem","position":2,"name":"Tarifas Gas","item":"https://www.factorenergia.com/es/gas/"},{"@type":"ListItem","position":3,"name":"Tarifa Variable de Gas"}]},{"@type":"WebSite","@id":"https://www.factorenergia.com/es/#website","url":"https://www.factorenergia.com/es/","name":"factorenergia","description":"Factor Energía","potentialAction":[{"@type":"SearchAction","target":{"@type":"EntryPoint","urlTemplate":"https://www.factorenergia.com/es/?s={search_term_string}"},"query-input":"required name=search_term_string"}],"inLanguage":"es"}]}</script>
<!-- / Yoast SEO plugin. -->

Con la tarifa variable de gas natural paga justo lo que vale el gas. Te cobramos una comisión de 0,50€/mes y tendrás siempre los precios por kW.

Factor Energía
