{"id":3309,"date":"2017-04-26T15:21:10","date_gmt":"2017-04-26T13:21:10","guid":{"rendered":"https:\/\/www.factorenergia.com\/es\/?page_id=3309"},"modified":"2024-09-20T13:18:00","modified_gmt":"2024-09-20T11:18:00","slug":"instalar-punto-recarga","status":"publish","type":"page","link":"https:\/\/www.factorenergia.com\/es\/instalar-punto-recarga\/","title":{"rendered":"Veh\u00edculo el\u00e9ctrico"},"content":{"rendered":"<p>Queremos que tu \u00fanica tarea con el coche el\u00e9ctrico sea conducirlo, y por eso, te ofrecemos una soluci\u00f3n integral que va desde el asesoramiento hasta la instalaci\u00f3n del punto de recarga, pasando por la gesti\u00f3n, optimizaci\u00f3n de potencia y suministro con la tarifa que m\u00e1s te convenga.<\/p>\n<p>&nbsp;<\/p>\n<p>Adem\u00e1s, si necesitas una instalaci\u00f3n compartida, repartiremos los costes y controlaremos el acceso y el consumo.<\/p>\n<p>&nbsp;<\/p>\n<p><strong style=\"color: #2c67f3;\">Nosotros lo gestionamos todo para que t\u00fa solo tengas que disfrutar.<\/strong><\/p>\n","protected":false},"excerpt":{"rendered":"<p>Queremos que tu \u00fanica tarea con el coche el\u00e9ctrico sea conducirlo, y por eso, te ofrecemos una soluci\u00f3n integral que va desde el asesoramiento hasta la instalaci\u00f3n del punto de recarga, pasando por la gesti\u00f3n, optimizaci\u00f3n de potencia y suministro con la tarifa que m\u00e1s te convenga. &nbsp; Adem\u00e1s, si necesitas una instalaci\u00f3n compartida, repartiremos [&hellip;]<\/p>\n","protected":false},"author":12,"featured_media":0,"parent":0,"menu_order":0,"comment_status":"closed","ping_status":"closed","template":"templates\/coche-electrico.php","meta":{"inline_featured_image":false,"footnotes":""},"categories":[6],"tags":[],"acf":[],"yoast_head":"<!-- This site is optimized with the Yoast SEO plugin v22.2 - https:\/\/yoast.com\/wordpress\/plugins\/seo\/ -->\n<title>Instalaci\u00f3n de cargador para Coche El\u00e9ctrico | Factorenergia<\/title>\n<meta name=\"description\" content=\"Instalamos tu punto de recarga para tu veh\u00edculo el\u00e9ctrico y te ofrecemos la mejor tarifa de luz.\" \/>\n<meta name=\"robots\" content=\"index, follow, max-snippet:-1, max-image-preview:large, max-video-preview:-1\" \/>\n<link rel=\"canonical\" href=\"https:\/\/www.factorenergia.com\/es\/instalar-punto-recarga\/\" \/>\n<meta name=\"twitter:card\" content=\"summary_large_image\" \/>\n<meta name=\"twitter:title\" content=\"Instalaci\u00f3n de cargador para Coche El\u00e9ctrico | Factorenergia\" \/>\n<meta name=\"twitter:description\" content=\"Instalamos tu punto de recarga para tu veh\u00edculo el\u00e9ctrico y te ofrecemos la mejor tarifa de luz.\" \/>\n<meta name=\"twitter:site\" content=\"@factorenergia\" \/>\n<meta name=\"twitter:label1\" content=\"Tiempo de lectura\" \/>\n\t<meta name=\"twitter:data1\" content=\"1 minuto\" \/>\n<script type=\"application\/ld+json\" class=\"yoast-schema-graph\">{\"@context\":\"https:\/\/schema.org\",\"@graph\":[{\"@type\":\"WebPage\",\"@id\":\"https:\/\/www.factorenergia.com\/es\/instalar-punto-recarga\/\",\"url\":\"https:\/\/www.factorenergia.com\/es\/instalar-punto-recarga\/\",\"name\":\"Instalaci\u00f3n de cargador para Coche El\u00e9ctrico | Factorenergia\",\"isPartOf\":{\"@id\":\"https:\/\/www.factorenergia.com\/es\/#website\"},\"datePublished\":\"2017-04-26T13:21:10+00:00\",\"dateModified\":\"2024-09-20T11:18:00+00:00\",\"description\":\"Instalamos tu punto de recarga para tu veh\u00edculo el\u00e9ctrico y te ofrecemos la mejor tarifa de luz.\",\"breadcrumb\":{\"@id\":\"https:\/\/www.factorenergia.com\/es\/instalar-punto-recarga\/#breadcrumb\"},\"inLanguage\":\"es\",\"potentialAction\":[{\"@type\":\"ReadAction\",\"target\":[\"https:\/\/www.factorenergia.com\/es\/instalar-punto-recarga\/\"]}]},{\"@type\":\"BreadcrumbList\",\"@id\":\"https:\/\/www.factorenergia.com\/es\/instalar-punto-recarga\/#breadcrumb\",\"itemListElement\":[{\"@type\":\"ListItem\",\"position\":1,\"name\":\"Portada\",\"item\":\"https:\/\/www.factorenergia.com\/es\/\"},{\"@type\":\"ListItem\",\"position\":2,\"name\":\"Veh\u00edculo el\u00e9ctrico\"}]},{\"@type\":\"WebSite\",\"@id\":\"https:\/\/www.factorenergia.com\/es\/#website\",\"url\":\"https:\/\/www.factorenergia.com\/es\/\",\"name\":\"factorenergia\",\"description\":\"Factor Energ\u00eda\",\"potentialAction\":[{\"@type\":\"SearchAction\",\"target\":{\"@type\":\"EntryPoint\",\"urlTemplate\":\"https:\/\/www.factorenergia.com\/es\/?s={search_term_string}\"},\"query-input\":\"required name=search_term_string\"}],\"inLanguage\":\"es\"}]}<\/script>\n<!-- \/ Yoast SEO plugin. -->","yoast_head_json":{"title":"Instalaci\u00f3n de cargador para Coche El\u00e9ctrico | Factorenergia","description":"Instalamos tu punto de recarga para tu veh\u00edculo el\u00e9ctrico y te ofrecemos la mejor tarifa de luz.","robots":{"index":"index","follow":"follow","max-snippet":"max-snippet:-1","max-image-preview":"max-image-preview:large","max-video-preview":"max-video-preview:-1"},"canonical":"https:\/\/www.factorenergia.com\/es\/instalar-punto-recarga\/","twitter_card":"summary_large_image","twitter_title":"Instalaci\u00f3n de cargador para Coche El\u00e9ctrico | Factorenergia","twitter_description":"Instalamos tu punto de recarga para tu veh\u00edculo el\u00e9ctrico y te ofrecemos la mejor tarifa de luz.","twitter_site":"@factorenergia","twitter_misc":{"Tiempo de lectura":"1 minuto"},"schema":{"@context":"https:\/\/schema.org","@graph":[{"@type":"WebPage","@id":"https:\/\/www.factorenergia.com\/es\/instalar-punto-recarga\/","url":"https:\/\/www.factorenergia.com\/es\/instalar-punto-recarga\/","name":"Instalaci\u00f3n de cargador para Coche El\u00e9ctrico | Factorenergia","isPartOf":{"@id":"https:\/\/www.factorenergia.com\/es\/#website"},"datePublished":"2017-04-26T13:21:10+00:00","dateModified":"2024-09-20T11:18:00+00:00","description":"Instalamos tu punto de recarga para tu veh\u00edculo el\u00e9ctrico y te ofrecemos la mejor tarifa de luz.","breadcrumb":{"@id":"https:\/\/www.factorenergia.com\/es\/instalar-punto-recarga\/#breadcrumb"},"inLanguage":"es","potentialAction":[{"@type":"ReadAction","target":["https:\/\/www.factorenergia.com\/es\/instalar-punto-recarga\/"]}]},{"@type":"BreadcrumbList","@id":"https:\/\/www.factorenergia.com\/es\/instalar-punto-recarga\/#breadcrumb","itemListElement":[{"@type":"ListItem","position":1,"name":"Portada","item":"https:\/\/www.factorenergia.com\/es\/"},{"@type":"ListItem","position":2,"name":"Veh\u00edculo el\u00e9ctrico"}]},{"@type":"WebSite","@id":"https:\/\/www.factorenergia.com\/es\/#website","url":"https:\/\/www.factorenergia.com\/es\/","name":"factorenergia","description":"Factor Energ\u00eda","potentialAction":[{"@type":"SearchAction","target":{"@type":"EntryPoint","urlTemplate":"https:\/\/www.factorenergia.com\/es\/?s={search_term_string}"},"query-input":"required name=search_term_string"}],"inLanguage":"es"}]}},"_links":{"self":[{"href":"https:\/\/www.factorenergia.com\/es\/wp-json\/wp\/v2\/pages\/3309"}],"collection":[{"href":"https:\/\/www.factorenergia.com\/es\/wp-json\/wp\/v2\/pages"}],"about":[{"href":"https:\/\/www.factorenergia.com\/es\/wp-json\/wp\/v2\/types\/page"}],"author":[{"embeddable":true,"href":"https:\/\/www.factorenergia.com\/es\/wp-json\/wp\/v2\/users\/12"}],"replies":[{"embeddable":true,"href":"https:\/\/www.factorenergia.com\/es\/wp-json\/wp\/v2\/comments?post=3309"}],"version-history":[{"count":34,"href":"https:\/\/www.factorenergia.com\/es\/wp-json\/wp\/v2\/pages\/3309\/revisions"}],"predecessor-version":[{"id":26248,"href":"https:\/\/www.factorenergia.com\/es\/wp-json\/wp\/v2\/pages\/3309\/revisions\/26248"}],"wp:attachment":[{"href":"https:\/\/www.factorenergia.com\/es\/wp-json\/wp\/v2\/media?parent=3309"}],"wp:term":[{"taxonomy":"category","embeddable":true,"href":"https:\/\/www.factorenergia.com\/es\/wp-json\/wp\/v2\/categories?post=3309"},{"taxonomy":"post_tag","embeddable":true,"href":"https:\/\/www.factorenergia.com\/es\/wp-json\/wp\/v2\/tags?post=3309"}],"curies":[{"name":"wp","href":"https:\/\/api.w.org\/{rel}","templated":true}]}}

Vehículo eléctrico

<p>Queremos que tu única tarea con el coche eléctrico sea conducirlo, y por eso, te ofrecemos una solución integral que va desde el asesoramiento hasta la instalación del punto de recarga, pasando por la gestión, optimización de potencia y suministro con la tarifa que más te convenga.</p>
<p>&nbsp;</p>
<p>Además, si necesitas una instalación compartida, repartiremos los costes y controlaremos el acceso y el consumo.</p>
<p>&nbsp;</p>
<p><strong style="color: #2c67f3;">Nosotros lo gestionamos todo para que tú solo tengas que disfrutar.</strong></p>

<p>Queremos que tu única tarea con el coche eléctrico sea conducirlo, y por eso, te ofrecemos una solución integral que va desde el asesoramiento hasta la instalación del punto de recarga, pasando por la gestión, optimización de potencia y suministro con la tarifa que más te convenga. &nbsp; Además, si necesitas una instalación compartida, repartiremos [&hellip;]</p>

<!-- This site is optimized with the Yoast SEO plugin v22.2 - https://yoast.com/wordpress/plugins/seo/ -->
<title>Instalación de cargador para Coche Eléctrico | Factorenergia</title>
<meta name="description" content="Instalamos tu punto de recarga para tu vehículo eléctrico y te ofrecemos la mejor tarifa de luz." />
<meta name="robots" content="index, follow, max-snippet:-1, max-image-preview:large, max-video-preview:-1" />
<link rel="canonical" href="https://www.factorenergia.com/es/instalar-punto-recarga/" />
<meta name="twitter:card" content="summary_large_image" />
<meta name="twitter:title" content="Instalación de cargador para Coche Eléctrico | Factorenergia" />
<meta name="twitter:description" content="Instalamos tu punto de recarga para tu vehículo eléctrico y te ofrecemos la mejor tarifa de luz." />
<meta name="twitter:site" content="@factorenergia" />
<meta name="twitter:label1" content="Tiempo de lectura" />
	<meta name="twitter:data1" content="1 minuto" />
<script type="application/ld+json" class="yoast-schema-graph">{"@context":"https://schema.org","@graph":[{"@type":"WebPage","@id":"https://www.factorenergia.com/es/instalar-punto-recarga/","url":"https://www.factorenergia.com/es/instalar-punto-recarga/","name":"Instalación de cargador para Coche Eléctrico | Factorenergia","isPartOf":{"@id":"https://www.factorenergia.com/es/#website"},"datePublished":"2017-04-26T13:21:10+00:00","dateModified":"2024-09-20T11:18:00+00:00","description":"Instalamos tu punto de recarga para tu vehículo eléctrico y te ofrecemos la mejor tarifa de luz.","breadcrumb":{"@id":"https://www.factorenergia.com/es/instalar-punto-recarga/#breadcrumb"},"inLanguage":"es","potentialAction":[{"@type":"ReadAction","target":["https://www.factorenergia.com/es/instalar-punto-recarga/"]}]},{"@type":"BreadcrumbList","@id":"https://www.factorenergia.com/es/instalar-punto-recarga/#breadcrumb","itemListElement":[{"@type":"ListItem","position":1,"name":"Portada","item":"https://www.factorenergia.com/es/"},{"@type":"ListItem","position":2,"name":"Vehículo eléctrico"}]},{"@type":"WebSite","@id":"https://www.factorenergia.com/es/#website","url":"https://www.factorenergia.com/es/","name":"factorenergia","description":"Factor Energía","potentialAction":[{"@type":"SearchAction","target":{"@type":"EntryPoint","urlTemplate":"https://www.factorenergia.com/es/?s={search_term_string}"},"query-input":"required name=search_term_string"}],"inLanguage":"es"}]}</script>
<!-- / Yoast SEO plugin. -->

Instalación de cargador para Coche Eléctrico | Factorenergia

Instalamos tu punto de recarga para tu vehículo eléctrico y te ofrecemos la mejor tarifa de luz.

Factor Energía
