{"id":28597,"date":"2025-07-14T10:24:07","date_gmt":"2025-07-14T08:24:07","guid":{"rendered":"https:\/\/www.factorenergia.com\/es\/?page_id=28597"},"modified":"2025-07-18T14:20:36","modified_gmt":"2025-07-18T12:20:36","slug":"precio-luz-hora","status":"publish","type":"page","link":"https:\/\/www.factorenergia.com\/es\/precio-luz-hora\/","title":{"rendered":"Precio Luz Hora"},"content":{"rendered":"","protected":false},"excerpt":{"rendered":"","protected":false},"author":29,"featured_media":0,"parent":0,"menu_order":0,"comment_status":"closed","ping_status":"closed","template":"templates\/precio-luz-hora.php","meta":{"inline_featured_image":false,"footnotes":""},"categories":[],"tags":[],"acf":[],"yoast_head":"<!-- This site is optimized with the Yoast SEO plugin v22.2 - https:\/\/yoast.com\/wordpress\/plugins\/seo\/ -->\n<title>\u00bfCu\u00e1ndo es m\u00e1s barata la luz hoy? Precio hora a hora actualizado<\/title>\n<meta name=\"description\" content=\"Averigua cu\u00e1ndo es m\u00e1s barata la luz y c\u00f3mo ahorrar en tu factura. Consulta el precio de la luz por horas y el coste del kWh hoy. \u00a1Actualizado a diario!\" \/>\n<meta name=\"robots\" content=\"index, follow, max-snippet:-1, max-image-preview:large, max-video-preview:-1\" \/>\n<link rel=\"canonical\" href=\"https:\/\/www.factorenergia.com\/es\/precio-luz-hora\/\" \/>\n<meta name=\"twitter:card\" content=\"summary_large_image\" \/>\n<meta name=\"twitter:title\" content=\"\u00bfCu\u00e1ndo es m\u00e1s barata la luz hoy? Precio hora a hora actualizado\" \/>\n<meta name=\"twitter:description\" content=\"Averigua cu\u00e1ndo es m\u00e1s barata la luz y c\u00f3mo ahorrar en tu factura. Consulta el precio de la luz por horas y el coste del kWh hoy. \u00a1Actualizado a diario!\" \/>\n<meta name=\"twitter:site\" content=\"@factorenergia\" \/>\n<script type=\"application\/ld+json\" class=\"yoast-schema-graph\">{\"@context\":\"https:\/\/schema.org\",\"@graph\":[{\"@type\":\"WebPage\",\"@id\":\"https:\/\/www.factorenergia.com\/es\/precio-luz-hora\/\",\"url\":\"https:\/\/www.factorenergia.com\/es\/precio-luz-hora\/\",\"name\":\"\u00bfCu\u00e1ndo es m\u00e1s barata la luz hoy? Precio hora a hora actualizado\",\"isPartOf\":{\"@id\":\"https:\/\/www.factorenergia.com\/es\/#website\"},\"datePublished\":\"2025-07-14T08:24:07+00:00\",\"dateModified\":\"2025-07-18T12:20:36+00:00\",\"description\":\"Averigua cu\u00e1ndo es m\u00e1s barata la luz y c\u00f3mo ahorrar en tu factura. Consulta el precio de la luz por horas y el coste del kWh hoy. \u00a1Actualizado a diario!\",\"breadcrumb\":{\"@id\":\"https:\/\/www.factorenergia.com\/es\/precio-luz-hora\/#breadcrumb\"},\"inLanguage\":\"es\",\"potentialAction\":[{\"@type\":\"ReadAction\",\"target\":[\"https:\/\/www.factorenergia.com\/es\/precio-luz-hora\/\"]}]},{\"@type\":\"BreadcrumbList\",\"@id\":\"https:\/\/www.factorenergia.com\/es\/precio-luz-hora\/#breadcrumb\",\"itemListElement\":[{\"@type\":\"ListItem\",\"position\":1,\"name\":\"Portada\",\"item\":\"https:\/\/www.factorenergia.com\/es\/\"},{\"@type\":\"ListItem\",\"position\":2,\"name\":\"Precio Luz Hora\"}]},{\"@type\":\"WebSite\",\"@id\":\"https:\/\/www.factorenergia.com\/es\/#website\",\"url\":\"https:\/\/www.factorenergia.com\/es\/\",\"name\":\"factorenergia\",\"description\":\"Factor Energ\u00eda\",\"potentialAction\":[{\"@type\":\"SearchAction\",\"target\":{\"@type\":\"EntryPoint\",\"urlTemplate\":\"https:\/\/www.factorenergia.com\/es\/?s={search_term_string}\"},\"query-input\":\"required name=search_term_string\"}],\"inLanguage\":\"es\"}]}<\/script>\n<!-- \/ Yoast SEO plugin. -->","yoast_head_json":{"title":"\u00bfCu\u00e1ndo es m\u00e1s barata la luz hoy? Precio hora a hora actualizado","description":"Averigua cu\u00e1ndo es m\u00e1s barata la luz y c\u00f3mo ahorrar en tu factura. Consulta el precio de la luz por horas y el coste del kWh hoy. \u00a1Actualizado a diario!","robots":{"index":"index","follow":"follow","max-snippet":"max-snippet:-1","max-image-preview":"max-image-preview:large","max-video-preview":"max-video-preview:-1"},"canonical":"https:\/\/www.factorenergia.com\/es\/precio-luz-hora\/","twitter_card":"summary_large_image","twitter_title":"\u00bfCu\u00e1ndo es m\u00e1s barata la luz hoy? Precio hora a hora actualizado","twitter_description":"Averigua cu\u00e1ndo es m\u00e1s barata la luz y c\u00f3mo ahorrar en tu factura. Consulta el precio de la luz por horas y el coste del kWh hoy. \u00a1Actualizado a diario!","twitter_site":"@factorenergia","schema":{"@context":"https:\/\/schema.org","@graph":[{"@type":"WebPage","@id":"https:\/\/www.factorenergia.com\/es\/precio-luz-hora\/","url":"https:\/\/www.factorenergia.com\/es\/precio-luz-hora\/","name":"\u00bfCu\u00e1ndo es m\u00e1s barata la luz hoy? Precio hora a hora actualizado","isPartOf":{"@id":"https:\/\/www.factorenergia.com\/es\/#website"},"datePublished":"2025-07-14T08:24:07+00:00","dateModified":"2025-07-18T12:20:36+00:00","description":"Averigua cu\u00e1ndo es m\u00e1s barata la luz y c\u00f3mo ahorrar en tu factura. Consulta el precio de la luz por horas y el coste del kWh hoy. \u00a1Actualizado a diario!","breadcrumb":{"@id":"https:\/\/www.factorenergia.com\/es\/precio-luz-hora\/#breadcrumb"},"inLanguage":"es","potentialAction":[{"@type":"ReadAction","target":["https:\/\/www.factorenergia.com\/es\/precio-luz-hora\/"]}]},{"@type":"BreadcrumbList","@id":"https:\/\/www.factorenergia.com\/es\/precio-luz-hora\/#breadcrumb","itemListElement":[{"@type":"ListItem","position":1,"name":"Portada","item":"https:\/\/www.factorenergia.com\/es\/"},{"@type":"ListItem","position":2,"name":"Precio Luz Hora"}]},{"@type":"WebSite","@id":"https:\/\/www.factorenergia.com\/es\/#website","url":"https:\/\/www.factorenergia.com\/es\/","name":"factorenergia","description":"Factor Energ\u00eda","potentialAction":[{"@type":"SearchAction","target":{"@type":"EntryPoint","urlTemplate":"https:\/\/www.factorenergia.com\/es\/?s={search_term_string}"},"query-input":"required name=search_term_string"}],"inLanguage":"es"}]}},"_links":{"self":[{"href":"https:\/\/www.factorenergia.com\/es\/wp-json\/wp\/v2\/pages\/28597"}],"collection":[{"href":"https:\/\/www.factorenergia.com\/es\/wp-json\/wp\/v2\/pages"}],"about":[{"href":"https:\/\/www.factorenergia.com\/es\/wp-json\/wp\/v2\/types\/page"}],"author":[{"embeddable":true,"href":"https:\/\/www.factorenergia.com\/es\/wp-json\/wp\/v2\/users\/29"}],"replies":[{"embeddable":true,"href":"https:\/\/www.factorenergia.com\/es\/wp-json\/wp\/v2\/comments?post=28597"}],"version-history":[{"count":1,"href":"https:\/\/www.factorenergia.com\/es\/wp-json\/wp\/v2\/pages\/28597\/revisions"}],"predecessor-version":[{"id":28598,"href":"https:\/\/www.factorenergia.com\/es\/wp-json\/wp\/v2\/pages\/28597\/revisions\/28598"}],"wp:attachment":[{"href":"https:\/\/www.factorenergia.com\/es\/wp-json\/wp\/v2\/media?parent=28597"}],"wp:term":[{"taxonomy":"category","embeddable":true,"href":"https:\/\/www.factorenergia.com\/es\/wp-json\/wp\/v2\/categories?post=28597"},{"taxonomy":"post_tag","embeddable":true,"href":"https:\/\/www.factorenergia.com\/es\/wp-json\/wp\/v2\/tags?post=28597"}],"curies":[{"name":"wp","href":"https:\/\/api.w.org\/{rel}","templated":true}]}}

<!-- This site is optimized with the Yoast SEO plugin v22.2 - https://yoast.com/wordpress/plugins/seo/ -->
<title>¿Cuándo es más barata la luz hoy? Precio hora a hora actualizado</title>
<meta name="description" content="Averigua cuándo es más barata la luz y cómo ahorrar en tu factura. Consulta el precio de la luz por horas y el coste del kWh hoy. ¡Actualizado a diario!" />
<meta name="robots" content="index, follow, max-snippet:-1, max-image-preview:large, max-video-preview:-1" />
<link rel="canonical" href="https://www.factorenergia.com/es/precio-luz-hora/" />
<meta name="twitter:card" content="summary_large_image" />
<meta name="twitter:title" content="¿Cuándo es más barata la luz hoy? Precio hora a hora actualizado" />
<meta name="twitter:description" content="Averigua cuándo es más barata la luz y cómo ahorrar en tu factura. Consulta el precio de la luz por horas y el coste del kWh hoy. ¡Actualizado a diario!" />
<meta name="twitter:site" content="@factorenergia" />
<script type="application/ld+json" class="yoast-schema-graph">{"@context":"https://schema.org","@graph":[{"@type":"WebPage","@id":"https://www.factorenergia.com/es/precio-luz-hora/","url":"https://www.factorenergia.com/es/precio-luz-hora/","name":"¿Cuándo es más barata la luz hoy? Precio hora a hora actualizado","isPartOf":{"@id":"https://www.factorenergia.com/es/#website"},"datePublished":"2025-07-14T08:24:07+00:00","dateModified":"2025-07-18T12:20:36+00:00","description":"Averigua cuándo es más barata la luz y cómo ahorrar en tu factura. Consulta el precio de la luz por horas y el coste del kWh hoy. ¡Actualizado a diario!","breadcrumb":{"@id":"https://www.factorenergia.com/es/precio-luz-hora/#breadcrumb"},"inLanguage":"es","potentialAction":[{"@type":"ReadAction","target":["https://www.factorenergia.com/es/precio-luz-hora/"]}]},{"@type":"BreadcrumbList","@id":"https://www.factorenergia.com/es/precio-luz-hora/#breadcrumb","itemListElement":[{"@type":"ListItem","position":1,"name":"Portada","item":"https://www.factorenergia.com/es/"},{"@type":"ListItem","position":2,"name":"Precio Luz Hora"}]},{"@type":"WebSite","@id":"https://www.factorenergia.com/es/#website","url":"https://www.factorenergia.com/es/","name":"factorenergia","description":"Factor Energía","potentialAction":[{"@type":"SearchAction","target":{"@type":"EntryPoint","urlTemplate":"https://www.factorenergia.com/es/?s={search_term_string}"},"query-input":"required name=search_term_string"}],"inLanguage":"es"}]}</script>
<!-- / Yoast SEO plugin. -->

¿Cuándo es más barata la luz hoy? Precio hora a hora actualizado

Averigua cuándo es más barata la luz y cómo ahorrar en tu factura. Consulta el precio de la luz por horas y el coste del kWh hoy. ¡Actualizado a diario!

Factor Energía
