{"id":27,"date":"2015-09-02T09:01:17","date_gmt":"2015-09-02T09:01:17","guid":{"rendered":"http:\/\/newfactorenergia.wearebab.com\/?page_id=27"},"modified":"2025-08-26T15:24:31","modified_gmt":"2025-08-26T13:24:31","slug":"empresas","status":"publish","type":"page","link":"https:\/\/www.factorenergia.com\/es\/empresas\/","title":{"rendered":"Empresas"},"content":{"rendered":"<p>Somos la primera energ\u00e9tica espa\u00f1ola que ha acreditado su compromiso con la sostenibilidad, el medioambiente y el ahorro energ\u00e9tico con el cumplimiento de los ODS.<\/p>\n","protected":false},"excerpt":{"rendered":"<p>Somos la primera energ\u00e9tica espa\u00f1ola que ha acreditado su compromiso con la sostenibilidad, el medioambiente y el ahorro energ\u00e9tico con el cumplimiento de los ODS.<\/p>\n","protected":false},"author":5,"featured_media":0,"parent":0,"menu_order":0,"comment_status":"closed","ping_status":"closed","template":"templates\/conocenos.php","meta":{"inline_featured_image":false,"footnotes":""},"categories":[1],"tags":[],"acf":[],"yoast_head":"<!-- This site is optimized with the Yoast SEO plugin v22.2 - https:\/\/yoast.com\/wordpress\/plugins\/seo\/ -->\n<title>Ahorro en la Factura de la Luz de Empresas | factorenerg\u00eda<\/title>\n<meta name=\"description\" content=\"El ahorro energ\u00e9tico para empresas de factorenerg\u00eda destaca por su oferta y descuentos. Ahorra en la factura de la luz con la mejor potencia y tarifa.\" \/>\n<meta name=\"robots\" content=\"index, follow, max-snippet:-1, max-image-preview:large, max-video-preview:-1\" \/>\n<link rel=\"canonical\" href=\"https:\/\/www.factorenergia.com\/es\/empresas\/\" \/>\n<meta name=\"twitter:card\" content=\"summary_large_image\" \/>\n<meta name=\"twitter:title\" content=\"Ahorro en la Factura de la Luz de Empresas | factorenerg\u00eda\" \/>\n<meta name=\"twitter:description\" content=\"El ahorro energ\u00e9tico para empresas de factorenerg\u00eda destaca por su oferta y descuentos. Ahorra en la factura de la luz con la mejor potencia y tarifa.\" \/>\n<meta name=\"twitter:site\" content=\"@factorenergia\" \/>\n<meta name=\"twitter:label1\" content=\"Tiempo de lectura\" \/>\n\t<meta name=\"twitter:data1\" content=\"1 minuto\" \/>\n<script type=\"application\/ld+json\" class=\"yoast-schema-graph\">{\"@context\":\"https:\/\/schema.org\",\"@graph\":[{\"@type\":\"WebPage\",\"@id\":\"https:\/\/www.factorenergia.com\/es\/empresas\/\",\"url\":\"https:\/\/www.factorenergia.com\/es\/empresas\/\",\"name\":\"Ahorro en la Factura de la Luz de Empresas | factorenerg\u00eda\",\"isPartOf\":{\"@id\":\"https:\/\/www.factorenergia.com\/es\/#website\"},\"datePublished\":\"2015-09-02T09:01:17+00:00\",\"dateModified\":\"2025-08-26T13:24:31+00:00\",\"description\":\"El ahorro energ\u00e9tico para empresas de factorenerg\u00eda destaca por su oferta y descuentos. Ahorra en la factura de la luz con la mejor potencia y tarifa.\",\"breadcrumb\":{\"@id\":\"https:\/\/www.factorenergia.com\/es\/empresas\/#breadcrumb\"},\"inLanguage\":\"es\",\"potentialAction\":[{\"@type\":\"ReadAction\",\"target\":[\"https:\/\/www.factorenergia.com\/es\/empresas\/\"]}]},{\"@type\":\"BreadcrumbList\",\"@id\":\"https:\/\/www.factorenergia.com\/es\/empresas\/#breadcrumb\",\"itemListElement\":[{\"@type\":\"ListItem\",\"position\":1,\"name\":\"Portada\",\"item\":\"https:\/\/www.factorenergia.com\/es\/\"},{\"@type\":\"ListItem\",\"position\":2,\"name\":\"Empresas\"}]},{\"@type\":\"WebSite\",\"@id\":\"https:\/\/www.factorenergia.com\/es\/#website\",\"url\":\"https:\/\/www.factorenergia.com\/es\/\",\"name\":\"factorenergia\",\"description\":\"Factor Energ\u00eda\",\"potentialAction\":[{\"@type\":\"SearchAction\",\"target\":{\"@type\":\"EntryPoint\",\"urlTemplate\":\"https:\/\/www.factorenergia.com\/es\/?s={search_term_string}\"},\"query-input\":\"required name=search_term_string\"}],\"inLanguage\":\"es\"}]}<\/script>\n<!-- \/ Yoast SEO plugin. -->","yoast_head_json":{"title":"Ahorro en la Factura de la Luz de Empresas | factorenerg\u00eda","description":"El ahorro energ\u00e9tico para empresas de factorenerg\u00eda destaca por su oferta y descuentos. Ahorra en la factura de la luz con la mejor potencia y tarifa.","robots":{"index":"index","follow":"follow","max-snippet":"max-snippet:-1","max-image-preview":"max-image-preview:large","max-video-preview":"max-video-preview:-1"},"canonical":"https:\/\/www.factorenergia.com\/es\/empresas\/","twitter_card":"summary_large_image","twitter_title":"Ahorro en la Factura de la Luz de Empresas | factorenerg\u00eda","twitter_description":"El ahorro energ\u00e9tico para empresas de factorenerg\u00eda destaca por su oferta y descuentos. Ahorra en la factura de la luz con la mejor potencia y tarifa.","twitter_site":"@factorenergia","twitter_misc":{"Tiempo de lectura":"1 minuto"},"schema":{"@context":"https:\/\/schema.org","@graph":[{"@type":"WebPage","@id":"https:\/\/www.factorenergia.com\/es\/empresas\/","url":"https:\/\/www.factorenergia.com\/es\/empresas\/","name":"Ahorro en la Factura de la Luz de Empresas | factorenerg\u00eda","isPartOf":{"@id":"https:\/\/www.factorenergia.com\/es\/#website"},"datePublished":"2015-09-02T09:01:17+00:00","dateModified":"2025-08-26T13:24:31+00:00","description":"El ahorro energ\u00e9tico para empresas de factorenerg\u00eda destaca por su oferta y descuentos. Ahorra en la factura de la luz con la mejor potencia y tarifa.","breadcrumb":{"@id":"https:\/\/www.factorenergia.com\/es\/empresas\/#breadcrumb"},"inLanguage":"es","potentialAction":[{"@type":"ReadAction","target":["https:\/\/www.factorenergia.com\/es\/empresas\/"]}]},{"@type":"BreadcrumbList","@id":"https:\/\/www.factorenergia.com\/es\/empresas\/#breadcrumb","itemListElement":[{"@type":"ListItem","position":1,"name":"Portada","item":"https:\/\/www.factorenergia.com\/es\/"},{"@type":"ListItem","position":2,"name":"Empresas"}]},{"@type":"WebSite","@id":"https:\/\/www.factorenergia.com\/es\/#website","url":"https:\/\/www.factorenergia.com\/es\/","name":"factorenergia","description":"Factor Energ\u00eda","potentialAction":[{"@type":"SearchAction","target":{"@type":"EntryPoint","urlTemplate":"https:\/\/www.factorenergia.com\/es\/?s={search_term_string}"},"query-input":"required name=search_term_string"}],"inLanguage":"es"}]}},"_links":{"self":[{"href":"https:\/\/www.factorenergia.com\/es\/wp-json\/wp\/v2\/pages\/27"}],"collection":[{"href":"https:\/\/www.factorenergia.com\/es\/wp-json\/wp\/v2\/pages"}],"about":[{"href":"https:\/\/www.factorenergia.com\/es\/wp-json\/wp\/v2\/types\/page"}],"author":[{"embeddable":true,"href":"https:\/\/www.factorenergia.com\/es\/wp-json\/wp\/v2\/users\/5"}],"replies":[{"embeddable":true,"href":"https:\/\/www.factorenergia.com\/es\/wp-json\/wp\/v2\/comments?post=27"}],"version-history":[{"count":22,"href":"https:\/\/www.factorenergia.com\/es\/wp-json\/wp\/v2\/pages\/27\/revisions"}],"predecessor-version":[{"id":30020,"href":"https:\/\/www.factorenergia.com\/es\/wp-json\/wp\/v2\/pages\/27\/revisions\/30020"}],"wp:attachment":[{"href":"https:\/\/www.factorenergia.com\/es\/wp-json\/wp\/v2\/media?parent=27"}],"wp:term":[{"taxonomy":"category","embeddable":true,"href":"https:\/\/www.factorenergia.com\/es\/wp-json\/wp\/v2\/categories?post=27"},{"taxonomy":"post_tag","embeddable":true,"href":"https:\/\/www.factorenergia.com\/es\/wp-json\/wp\/v2\/tags?post=27"}],"curies":[{"name":"wp","href":"https:\/\/api.w.org\/{rel}","templated":true}]}}

<p>Somos la primera energética española que ha acreditado su compromiso con la sostenibilidad, el medioambiente y el ahorro energético con el cumplimiento de los ODS.</p>

<!-- This site is optimized with the Yoast SEO plugin v22.2 - https://yoast.com/wordpress/plugins/seo/ -->
<title>Ahorro en la Factura de la Luz de Empresas | factorenergía</title>
<meta name="description" content="El ahorro energético para empresas de factorenergía destaca por su oferta y descuentos. Ahorra en la factura de la luz con la mejor potencia y tarifa." />
<meta name="robots" content="index, follow, max-snippet:-1, max-image-preview:large, max-video-preview:-1" />
<link rel="canonical" href="https://www.factorenergia.com/es/empresas/" />
<meta name="twitter:card" content="summary_large_image" />
<meta name="twitter:title" content="Ahorro en la Factura de la Luz de Empresas | factorenergía" />
<meta name="twitter:description" content="El ahorro energético para empresas de factorenergía destaca por su oferta y descuentos. Ahorra en la factura de la luz con la mejor potencia y tarifa." />
<meta name="twitter:site" content="@factorenergia" />
<meta name="twitter:label1" content="Tiempo de lectura" />
	<meta name="twitter:data1" content="1 minuto" />
<script type="application/ld+json" class="yoast-schema-graph">{"@context":"https://schema.org","@graph":[{"@type":"WebPage","@id":"https://www.factorenergia.com/es/empresas/","url":"https://www.factorenergia.com/es/empresas/","name":"Ahorro en la Factura de la Luz de Empresas | factorenergía","isPartOf":{"@id":"https://www.factorenergia.com/es/#website"},"datePublished":"2015-09-02T09:01:17+00:00","dateModified":"2025-08-26T13:24:31+00:00","description":"El ahorro energético para empresas de factorenergía destaca por su oferta y descuentos. Ahorra en la factura de la luz con la mejor potencia y tarifa.","breadcrumb":{"@id":"https://www.factorenergia.com/es/empresas/#breadcrumb"},"inLanguage":"es","potentialAction":[{"@type":"ReadAction","target":["https://www.factorenergia.com/es/empresas/"]}]},{"@type":"BreadcrumbList","@id":"https://www.factorenergia.com/es/empresas/#breadcrumb","itemListElement":[{"@type":"ListItem","position":1,"name":"Portada","item":"https://www.factorenergia.com/es/"},{"@type":"ListItem","position":2,"name":"Empresas"}]},{"@type":"WebSite","@id":"https://www.factorenergia.com/es/#website","url":"https://www.factorenergia.com/es/","name":"factorenergia","description":"Factor Energía","potentialAction":[{"@type":"SearchAction","target":{"@type":"EntryPoint","urlTemplate":"https://www.factorenergia.com/es/?s={search_term_string}"},"query-input":"required name=search_term_string"}],"inLanguage":"es"}]}</script>
<!-- / Yoast SEO plugin. -->

Ahorro en la Factura de la Luz de Empresas | factorenergía

El ahorro energético para empresas de factorenergía destaca por su oferta y descuentos. Ahorra en la factura de la luz con la mejor potencia y tarifa.

Factor Energía
