{"id":975,"date":"2015-08-31T14:12:46","date_gmt":"2015-08-31T14:12:46","guid":{"rendered":"http:\/\/newfactorenergia.wearebab.com\/ca\/hogares\/"},"modified":"2024-02-29T12:22:20","modified_gmt":"2024-02-29T10:22:20","slug":"llars","status":"publish","type":"page","link":"https:\/\/www.factorenergia.com\/ca\/llars\/","title":{"rendered":"Llars"},"content":{"rendered":"<p>Som la primera energ\u00e8tica espanyola que ha acreditat el seu comprom\u00eds amb la sostenibilitat, el medi ambient i l&#8217;estalvi energ\u00e8tic amb el compliment dels ODS.<\/p>\n","protected":false},"excerpt":{"rendered":"<p>Som la primera energ\u00e8tica espanyola que ha acreditat el seu comprom\u00eds amb la sostenibilitat, el medi ambient i l&#8217;estalvi energ\u00e8tic amb el compliment dels ODS.<\/p>\n","protected":false},"author":5,"featured_media":0,"parent":0,"menu_order":0,"comment_status":"closed","ping_status":"closed","template":"templates\/conocenos.php","meta":{"inline_featured_image":false,"footnotes":""},"categories":[12],"tags":[],"acf":[],"yoast_head":"<!-- This site is optimized with the Yoast SEO plugin v22.2 - https:\/\/yoast.com\/wordpress\/plugins\/seo\/ -->\n<title>Estalvi en la Factura de la Llum a Casa - factorenergia<\/title>\n<meta name=\"description\" content=\"Estalvia en la factura de la llum a casa amb les millors tarifes el\u00e8ctriques de factorenergia. T\u2019ajudem a controlar el teu consum energ\u00e8tic.\" \/>\n<meta name=\"robots\" content=\"noindex, follow\" \/>\n<meta name=\"twitter:card\" content=\"summary_large_image\" \/>\n<meta name=\"twitter:title\" content=\"Estalvi en la Factura de la Llum a Casa - factorenergia\" \/>\n<meta name=\"twitter:description\" content=\"Estalvia en la factura de la llum a casa amb les millors tarifes el\u00e8ctriques de factorenergia. T\u2019ajudem a controlar el teu consum energ\u00e8tic.\" \/>\n<meta name=\"twitter:site\" content=\"@factorenergia\" \/>\n<meta name=\"twitter:label1\" content=\"Est. reading time\" \/>\n\t<meta name=\"twitter:data1\" content=\"1 minute\" \/>\n<script type=\"application\/ld+json\" class=\"yoast-schema-graph\">{\"@context\":\"https:\/\/schema.org\",\"@graph\":[{\"@type\":\"WebPage\",\"@id\":\"https:\/\/www.factorenergia.com\/ca\/llars\/\",\"url\":\"https:\/\/www.factorenergia.com\/ca\/llars\/\",\"name\":\"Estalvi en la Factura de la Llum a Casa - factorenergia\",\"isPartOf\":{\"@id\":\"https:\/\/www.factorenergia.com\/es\/#website\"},\"datePublished\":\"2015-08-31T14:12:46+00:00\",\"dateModified\":\"2024-02-29T10:22:20+00:00\",\"description\":\"Estalvia en la factura de la llum a casa amb les millors tarifes el\u00e8ctriques de factorenergia. T\u2019ajudem a controlar el teu consum energ\u00e8tic.\",\"breadcrumb\":{\"@id\":\"https:\/\/www.factorenergia.com\/ca\/llars\/#breadcrumb\"},\"inLanguage\":\"ca\",\"potentialAction\":[{\"@type\":\"ReadAction\",\"target\":[\"https:\/\/www.factorenergia.com\/ca\/llars\/\"]}]},{\"@type\":\"BreadcrumbList\",\"@id\":\"https:\/\/www.factorenergia.com\/ca\/llars\/#breadcrumb\",\"itemListElement\":[{\"@type\":\"ListItem\",\"position\":1,\"name\":\"Portada\",\"item\":\"https:\/\/www.factorenergia.com\/ca\/\"},{\"@type\":\"ListItem\",\"position\":2,\"name\":\"Llars\"}]},{\"@type\":\"WebSite\",\"@id\":\"https:\/\/www.factorenergia.com\/es\/#website\",\"url\":\"https:\/\/www.factorenergia.com\/es\/\",\"name\":\"factorenergia\",\"description\":\"factorenergia\",\"potentialAction\":[{\"@type\":\"SearchAction\",\"target\":{\"@type\":\"EntryPoint\",\"urlTemplate\":\"https:\/\/www.factorenergia.com\/es\/?s={search_term_string}\"},\"query-input\":\"required name=search_term_string\"}],\"inLanguage\":\"ca\"}]}<\/script>\n<!-- \/ Yoast SEO plugin. -->","yoast_head_json":{"title":"Estalvi en la Factura de la Llum a Casa - factorenergia","description":"Estalvia en la factura de la llum a casa amb les millors tarifes el\u00e8ctriques de factorenergia. T\u2019ajudem a controlar el teu consum energ\u00e8tic.","robots":{"index":"noindex","follow":"follow"},"twitter_card":"summary_large_image","twitter_title":"Estalvi en la Factura de la Llum a Casa - factorenergia","twitter_description":"Estalvia en la factura de la llum a casa amb les millors tarifes el\u00e8ctriques de factorenergia. T\u2019ajudem a controlar el teu consum energ\u00e8tic.","twitter_site":"@factorenergia","twitter_misc":{"Est. reading time":"1 minute"},"schema":{"@context":"https:\/\/schema.org","@graph":[{"@type":"WebPage","@id":"https:\/\/www.factorenergia.com\/ca\/llars\/","url":"https:\/\/www.factorenergia.com\/ca\/llars\/","name":"Estalvi en la Factura de la Llum a Casa - factorenergia","isPartOf":{"@id":"https:\/\/www.factorenergia.com\/es\/#website"},"datePublished":"2015-08-31T14:12:46+00:00","dateModified":"2024-02-29T10:22:20+00:00","description":"Estalvia en la factura de la llum a casa amb les millors tarifes el\u00e8ctriques de factorenergia. T\u2019ajudem a controlar el teu consum energ\u00e8tic.","breadcrumb":{"@id":"https:\/\/www.factorenergia.com\/ca\/llars\/#breadcrumb"},"inLanguage":"ca","potentialAction":[{"@type":"ReadAction","target":["https:\/\/www.factorenergia.com\/ca\/llars\/"]}]},{"@type":"BreadcrumbList","@id":"https:\/\/www.factorenergia.com\/ca\/llars\/#breadcrumb","itemListElement":[{"@type":"ListItem","position":1,"name":"Portada","item":"https:\/\/www.factorenergia.com\/ca\/"},{"@type":"ListItem","position":2,"name":"Llars"}]},{"@type":"WebSite","@id":"https:\/\/www.factorenergia.com\/es\/#website","url":"https:\/\/www.factorenergia.com\/es\/","name":"factorenergia","description":"factorenergia","potentialAction":[{"@type":"SearchAction","target":{"@type":"EntryPoint","urlTemplate":"https:\/\/www.factorenergia.com\/es\/?s={search_term_string}"},"query-input":"required name=search_term_string"}],"inLanguage":"ca"}]}},"_links":{"self":[{"href":"https:\/\/www.factorenergia.com\/ca\/wp-json\/wp\/v2\/pages\/975"}],"collection":[{"href":"https:\/\/www.factorenergia.com\/ca\/wp-json\/wp\/v2\/pages"}],"about":[{"href":"https:\/\/www.factorenergia.com\/ca\/wp-json\/wp\/v2\/types\/page"}],"author":[{"embeddable":true,"href":"https:\/\/www.factorenergia.com\/ca\/wp-json\/wp\/v2\/users\/5"}],"replies":[{"embeddable":true,"href":"https:\/\/www.factorenergia.com\/ca\/wp-json\/wp\/v2\/comments?post=975"}],"version-history":[{"count":5,"href":"https:\/\/www.factorenergia.com\/ca\/wp-json\/wp\/v2\/pages\/975\/revisions"}],"predecessor-version":[{"id":16688,"href":"https:\/\/www.factorenergia.com\/ca\/wp-json\/wp\/v2\/pages\/975\/revisions\/16688"}],"wp:attachment":[{"href":"https:\/\/www.factorenergia.com\/ca\/wp-json\/wp\/v2\/media?parent=975"}],"wp:term":[{"taxonomy":"category","embeddable":true,"href":"https:\/\/www.factorenergia.com\/ca\/wp-json\/wp\/v2\/categories?post=975"},{"taxonomy":"post_tag","embeddable":true,"href":"https:\/\/www.factorenergia.com\/ca\/wp-json\/wp\/v2\/tags?post=975"}],"curies":[{"name":"wp","href":"https:\/\/api.w.org\/{rel}","templated":true}]}}

<p>Som la primera energètica espanyola que ha acreditat el seu compromís amb la sostenibilitat, el medi ambient i l&#8217;estalvi energètic amb el compliment dels ODS.</p>

<!-- This site is optimized with the Yoast SEO plugin v22.2 - https://yoast.com/wordpress/plugins/seo/ -->
<title>Estalvi en la Factura de la Llum a Casa - factorenergia</title>
<meta name="description" content="Estalvia en la factura de la llum a casa amb les millors tarifes elèctriques de factorenergia. T’ajudem a controlar el teu consum energètic." />
<meta name="robots" content="noindex, follow" />
<meta name="twitter:card" content="summary_large_image" />
<meta name="twitter:title" content="Estalvi en la Factura de la Llum a Casa - factorenergia" />
<meta name="twitter:description" content="Estalvia en la factura de la llum a casa amb les millors tarifes elèctriques de factorenergia. T’ajudem a controlar el teu consum energètic." />
<meta name="twitter:site" content="@factorenergia" />
<meta name="twitter:label1" content="Est. reading time" />
	<meta name="twitter:data1" content="1 minute" />
<script type="application/ld+json" class="yoast-schema-graph">{"@context":"https://schema.org","@graph":[{"@type":"WebPage","@id":"https://www.factorenergia.com/ca/llars/","url":"https://www.factorenergia.com/ca/llars/","name":"Estalvi en la Factura de la Llum a Casa - factorenergia","isPartOf":{"@id":"https://www.factorenergia.com/es/#website"},"datePublished":"2015-08-31T14:12:46+00:00","dateModified":"2024-02-29T10:22:20+00:00","description":"Estalvia en la factura de la llum a casa amb les millors tarifes elèctriques de factorenergia. T’ajudem a controlar el teu consum energètic.","breadcrumb":{"@id":"https://www.factorenergia.com/ca/llars/#breadcrumb"},"inLanguage":"ca","potentialAction":[{"@type":"ReadAction","target":["https://www.factorenergia.com/ca/llars/"]}]},{"@type":"BreadcrumbList","@id":"https://www.factorenergia.com/ca/llars/#breadcrumb","itemListElement":[{"@type":"ListItem","position":1,"name":"Portada","item":"https://www.factorenergia.com/ca/"},{"@type":"ListItem","position":2,"name":"Llars"}]},{"@type":"WebSite","@id":"https://www.factorenergia.com/es/#website","url":"https://www.factorenergia.com/es/","name":"factorenergia","description":"factorenergia","potentialAction":[{"@type":"SearchAction","target":{"@type":"EntryPoint","urlTemplate":"https://www.factorenergia.com/es/?s={search_term_string}"},"query-input":"required name=search_term_string"}],"inLanguage":"ca"}]}</script>
<!-- / Yoast SEO plugin. -->

Estalvia en la factura de la llum a casa amb les millors tarifes elèctriques de factorenergia. T’ajudem a controlar el teu consum energètic.
