{"id":25216,"date":"2024-04-05T10:58:18","date_gmt":"2024-04-05T08:58:18","guid":{"rendered":"https:\/\/www.factorenergia.com\/ca\/hazte-asesor-energetico\/"},"modified":"2024-04-05T14:22:07","modified_gmt":"2024-04-05T12:22:07","slug":"fest-te-assessor-energetic","status":"publish","type":"page","link":"https:\/\/www.factorenergia.com\/ca\/fest-te-assessor-energetic\/","title":{"rendered":"Fes-te assessor energ\u00e8tic"},"content":{"rendered":"<p><span data-metadata=\"&lt;!--(figmeta)eyJmaWxlS2V5Ijoib21paWVtcHpmMGs1SU91dm1WV3l3NSIsInBhc3RlSUQiOjg1NjkzMDg4NywiZGF0YVR5cGUiOiJzY2VuZSJ9Cg==(\/figmeta)--&gt;\"><\/span><span><span role=\"presentation\" dir=\"ltr\">Factorenergia et d\u00f3na l&#8217;oportunitat de formar part d&#8217;una companyia l\u00edder al <\/span><span role=\"presentation\" dir=\"ltr\">sector. Amb el suport de<\/span><span role=\"presentation\" dir=\"ltr\"> <\/span><strong><span role=\"presentation\" dir=\"ltr\">25 anys d&#8217;experi\u00e8ncia<\/span><\/strong><span role=\"presentation\" dir=\"ltr\">, som la comercialitzadora <\/span><span role=\"presentation\" dir=\"ltr\">d&#8217;energia integral que subministra electricitat i gas natural tant a empreses <\/span><span role=\"presentation\" dir=\"ltr\">com a fam\u00edlies, amb preus atractius i amb un servei al client proper, efica\u00e7 i <\/span><span role=\"presentation\" dir=\"ltr\">transparent. Factorenergia \u00e9s la primera comercialitzadora d&#8217;energia <\/span><span role=\"presentation\" dir=\"ltr\">independent nascuda al mercat liberalitzat d\u2019Espanya<\/span>.<\/span><\/p>\n","protected":false},"excerpt":{"rendered":"<p>Factorenergia et d\u00f3na l&#8217;oportunitat de formar part d&#8217;una companyia l\u00edder al sector. Amb el suport de 25 anys d&#8217;experi\u00e8ncia, som la comercialitzadora d&#8217;energia integral que subministra electricitat i gas natural tant a empreses com a fam\u00edlies, amb preus atractius i amb un servei al client proper, efica\u00e7 i transparent. Factorenergia \u00e9s la primera comercialitzadora d&#8217;energia [&hellip;]<\/p>\n","protected":false},"author":5,"featured_media":0,"parent":0,"menu_order":0,"comment_status":"closed","ping_status":"closed","template":"templates\/contacto-asesores.php","meta":{"inline_featured_image":false,"footnotes":""},"categories":[],"tags":[],"acf":[],"yoast_head":"<!-- This site is optimized with the Yoast SEO plugin v22.2 - https:\/\/yoast.com\/wordpress\/plugins\/seo\/ -->\n<title>Atenci\u00f3n al cliente 24h por WhatsApp, tel\u00e9fono y contacto | Factorenergia<\/title>\n<meta name=\"description\" content=\"Contacta por WhatsApp las 24h 365 d\u00edas, formulario web, email o tel\u00e9fono, te explicaremos c\u00f3mo tener la electricidad al mejor precio.\" \/>\n<meta name=\"robots\" content=\"noindex, follow\" \/>\n<meta name=\"twitter:card\" content=\"summary_large_image\" \/>\n<meta name=\"twitter:title\" content=\"Atenci\u00f3n al cliente 24h por WhatsApp, tel\u00e9fono y contacto | Factorenergia\" \/>\n<meta name=\"twitter:description\" content=\"Contacta por WhatsApp las 24h 365 d\u00edas, formulario web, email o tel\u00e9fono, te explicaremos c\u00f3mo tener la electricidad al mejor precio.\" \/>\n<meta name=\"twitter:site\" content=\"@factorenergia\" \/>\n<meta name=\"twitter:label1\" content=\"Est. reading time\" \/>\n\t<meta name=\"twitter:data1\" content=\"1 minute\" \/>\n<script type=\"application\/ld+json\" class=\"yoast-schema-graph\">{\"@context\":\"https:\/\/schema.org\",\"@graph\":[{\"@type\":\"WebPage\",\"@id\":\"https:\/\/www.factorenergia.com\/ca\/fest-te-assessor-energetic\/\",\"url\":\"https:\/\/www.factorenergia.com\/ca\/fest-te-assessor-energetic\/\",\"name\":\"Atenci\u00f3n al cliente 24h por WhatsApp, tel\u00e9fono y contacto | Factorenergia\",\"isPartOf\":{\"@id\":\"https:\/\/www.factorenergia.com\/es\/#website\"},\"datePublished\":\"2024-04-05T08:58:18+00:00\",\"dateModified\":\"2024-04-05T12:22:07+00:00\",\"description\":\"Contacta por WhatsApp las 24h 365 d\u00edas, formulario web, email o tel\u00e9fono, te explicaremos c\u00f3mo tener la electricidad al mejor precio.\",\"breadcrumb\":{\"@id\":\"https:\/\/www.factorenergia.com\/ca\/fest-te-assessor-energetic\/#breadcrumb\"},\"inLanguage\":\"ca\",\"potentialAction\":[{\"@type\":\"ReadAction\",\"target\":[\"https:\/\/www.factorenergia.com\/ca\/fest-te-assessor-energetic\/\"]}]},{\"@type\":\"BreadcrumbList\",\"@id\":\"https:\/\/www.factorenergia.com\/ca\/fest-te-assessor-energetic\/#breadcrumb\",\"itemListElement\":[{\"@type\":\"ListItem\",\"position\":1,\"name\":\"Portada\",\"item\":\"https:\/\/www.factorenergia.com\/ca\/\"},{\"@type\":\"ListItem\",\"position\":2,\"name\":\"Fes-te assessor energ\u00e8tic\"}]},{\"@type\":\"WebSite\",\"@id\":\"https:\/\/www.factorenergia.com\/es\/#website\",\"url\":\"https:\/\/www.factorenergia.com\/es\/\",\"name\":\"factorenergia\",\"description\":\"factorenergia\",\"potentialAction\":[{\"@type\":\"SearchAction\",\"target\":{\"@type\":\"EntryPoint\",\"urlTemplate\":\"https:\/\/www.factorenergia.com\/es\/?s={search_term_string}\"},\"query-input\":\"required name=search_term_string\"}],\"inLanguage\":\"ca\"}]}<\/script>\n<!-- \/ Yoast SEO plugin. -->","yoast_head_json":{"title":"Atenci\u00f3n al cliente 24h por WhatsApp, tel\u00e9fono y contacto | Factorenergia","description":"Contacta por WhatsApp las 24h 365 d\u00edas, formulario web, email o tel\u00e9fono, te explicaremos c\u00f3mo tener la electricidad al mejor precio.","robots":{"index":"noindex","follow":"follow"},"twitter_card":"summary_large_image","twitter_title":"Atenci\u00f3n al cliente 24h por WhatsApp, tel\u00e9fono y contacto | Factorenergia","twitter_description":"Contacta por WhatsApp las 24h 365 d\u00edas, formulario web, email o tel\u00e9fono, te explicaremos c\u00f3mo tener la electricidad al mejor precio.","twitter_site":"@factorenergia","twitter_misc":{"Est. reading time":"1 minute"},"schema":{"@context":"https:\/\/schema.org","@graph":[{"@type":"WebPage","@id":"https:\/\/www.factorenergia.com\/ca\/fest-te-assessor-energetic\/","url":"https:\/\/www.factorenergia.com\/ca\/fest-te-assessor-energetic\/","name":"Atenci\u00f3n al cliente 24h por WhatsApp, tel\u00e9fono y contacto | Factorenergia","isPartOf":{"@id":"https:\/\/www.factorenergia.com\/es\/#website"},"datePublished":"2024-04-05T08:58:18+00:00","dateModified":"2024-04-05T12:22:07+00:00","description":"Contacta por WhatsApp las 24h 365 d\u00edas, formulario web, email o tel\u00e9fono, te explicaremos c\u00f3mo tener la electricidad al mejor precio.","breadcrumb":{"@id":"https:\/\/www.factorenergia.com\/ca\/fest-te-assessor-energetic\/#breadcrumb"},"inLanguage":"ca","potentialAction":[{"@type":"ReadAction","target":["https:\/\/www.factorenergia.com\/ca\/fest-te-assessor-energetic\/"]}]},{"@type":"BreadcrumbList","@id":"https:\/\/www.factorenergia.com\/ca\/fest-te-assessor-energetic\/#breadcrumb","itemListElement":[{"@type":"ListItem","position":1,"name":"Portada","item":"https:\/\/www.factorenergia.com\/ca\/"},{"@type":"ListItem","position":2,"name":"Fes-te assessor energ\u00e8tic"}]},{"@type":"WebSite","@id":"https:\/\/www.factorenergia.com\/es\/#website","url":"https:\/\/www.factorenergia.com\/es\/","name":"factorenergia","description":"factorenergia","potentialAction":[{"@type":"SearchAction","target":{"@type":"EntryPoint","urlTemplate":"https:\/\/www.factorenergia.com\/es\/?s={search_term_string}"},"query-input":"required name=search_term_string"}],"inLanguage":"ca"}]}},"_links":{"self":[{"href":"https:\/\/www.factorenergia.com\/ca\/wp-json\/wp\/v2\/pages\/25216"}],"collection":[{"href":"https:\/\/www.factorenergia.com\/ca\/wp-json\/wp\/v2\/pages"}],"about":[{"href":"https:\/\/www.factorenergia.com\/ca\/wp-json\/wp\/v2\/types\/page"}],"author":[{"embeddable":true,"href":"https:\/\/www.factorenergia.com\/ca\/wp-json\/wp\/v2\/users\/5"}],"replies":[{"embeddable":true,"href":"https:\/\/www.factorenergia.com\/ca\/wp-json\/wp\/v2\/comments?post=25216"}],"version-history":[{"count":5,"href":"https:\/\/www.factorenergia.com\/ca\/wp-json\/wp\/v2\/pages\/25216\/revisions"}],"predecessor-version":[{"id":25232,"href":"https:\/\/www.factorenergia.com\/ca\/wp-json\/wp\/v2\/pages\/25216\/revisions\/25232"}],"wp:attachment":[{"href":"https:\/\/www.factorenergia.com\/ca\/wp-json\/wp\/v2\/media?parent=25216"}],"wp:term":[{"taxonomy":"category","embeddable":true,"href":"https:\/\/www.factorenergia.com\/ca\/wp-json\/wp\/v2\/categories?post=25216"},{"taxonomy":"post_tag","embeddable":true,"href":"https:\/\/www.factorenergia.com\/ca\/wp-json\/wp\/v2\/tags?post=25216"}],"curies":[{"name":"wp","href":"https:\/\/api.w.org\/{rel}","templated":true}]}}

Fes-te assessor energètic

<p><span data-metadata="&lt;!--(figmeta)eyJmaWxlS2V5Ijoib21paWVtcHpmMGs1SU91dm1WV3l3NSIsInBhc3RlSUQiOjg1NjkzMDg4NywiZGF0YVR5cGUiOiJzY2VuZSJ9Cg==(/figmeta)--&gt;"></span><span><span role="presentation" dir="ltr">Factorenergia et dóna l&#8217;oportunitat de formar part d&#8217;una companyia líder al </span><span role="presentation" dir="ltr">sector. Amb el suport de</span><span role="presentation" dir="ltr"> </span><strong><span role="presentation" dir="ltr">25 anys d&#8217;experiència</span></strong><span role="presentation" dir="ltr">, som la comercialitzadora </span><span role="presentation" dir="ltr">d&#8217;energia integral que subministra electricitat i gas natural tant a empreses </span><span role="presentation" dir="ltr">com a famílies, amb preus atractius i amb un servei al client proper, eficaç i </span><span role="presentation" dir="ltr">transparent. Factorenergia és la primera comercialitzadora d&#8217;energia </span><span role="presentation" dir="ltr">independent nascuda al mercat liberalitzat d’Espanya</span>.</span></p>

<p>Factorenergia et dóna l&#8217;oportunitat de formar part d&#8217;una companyia líder al sector. Amb el suport de 25 anys d&#8217;experiència, som la comercialitzadora d&#8217;energia integral que subministra electricitat i gas natural tant a empreses com a famílies, amb preus atractius i amb un servei al client proper, eficaç i transparent. Factorenergia és la primera comercialitzadora d&#8217;energia [&hellip;]</p>

<!-- This site is optimized with the Yoast SEO plugin v22.2 - https://yoast.com/wordpress/plugins/seo/ -->
<title>Atención al cliente 24h por WhatsApp, teléfono y contacto | Factorenergia</title>
<meta name="description" content="Contacta por WhatsApp las 24h 365 días, formulario web, email o teléfono, te explicaremos cómo tener la electricidad al mejor precio." />
<meta name="robots" content="noindex, follow" />
<meta name="twitter:card" content="summary_large_image" />
<meta name="twitter:title" content="Atención al cliente 24h por WhatsApp, teléfono y contacto | Factorenergia" />
<meta name="twitter:description" content="Contacta por WhatsApp las 24h 365 días, formulario web, email o teléfono, te explicaremos cómo tener la electricidad al mejor precio." />
<meta name="twitter:site" content="@factorenergia" />
<meta name="twitter:label1" content="Est. reading time" />
	<meta name="twitter:data1" content="1 minute" />
<script type="application/ld+json" class="yoast-schema-graph">{"@context":"https://schema.org","@graph":[{"@type":"WebPage","@id":"https://www.factorenergia.com/ca/fest-te-assessor-energetic/","url":"https://www.factorenergia.com/ca/fest-te-assessor-energetic/","name":"Atención al cliente 24h por WhatsApp, teléfono y contacto | Factorenergia","isPartOf":{"@id":"https://www.factorenergia.com/es/#website"},"datePublished":"2024-04-05T08:58:18+00:00","dateModified":"2024-04-05T12:22:07+00:00","description":"Contacta por WhatsApp las 24h 365 días, formulario web, email o teléfono, te explicaremos cómo tener la electricidad al mejor precio.","breadcrumb":{"@id":"https://www.factorenergia.com/ca/fest-te-assessor-energetic/#breadcrumb"},"inLanguage":"ca","potentialAction":[{"@type":"ReadAction","target":["https://www.factorenergia.com/ca/fest-te-assessor-energetic/"]}]},{"@type":"BreadcrumbList","@id":"https://www.factorenergia.com/ca/fest-te-assessor-energetic/#breadcrumb","itemListElement":[{"@type":"ListItem","position":1,"name":"Portada","item":"https://www.factorenergia.com/ca/"},{"@type":"ListItem","position":2,"name":"Fes-te assessor energètic"}]},{"@type":"WebSite","@id":"https://www.factorenergia.com/es/#website","url":"https://www.factorenergia.com/es/","name":"factorenergia","description":"factorenergia","potentialAction":[{"@type":"SearchAction","target":{"@type":"EntryPoint","urlTemplate":"https://www.factorenergia.com/es/?s={search_term_string}"},"query-input":"required name=search_term_string"}],"inLanguage":"ca"}]}</script>
<!-- / Yoast SEO plugin. -->

Atención al cliente 24h por WhatsApp, teléfono y contacto | Factorenergia

Contacta por WhatsApp las 24h 365 días, formulario web, email o teléfono, te explicaremos cómo tener la electricidad al mejor precio.
