{"id":20292,"date":"2023-03-20T13:56:05","date_gmt":"2023-03-20T11:56:05","guid":{"rendered":"https:\/\/www.factorenergia.com\/ca\/?page_id=20292"},"modified":"2024-10-04T11:23:57","modified_gmt":"2024-10-04T09:23:57","slug":"cotxe-electric","status":"publish","type":"page","link":"https:\/\/www.factorenergia.com\/ca\/empreses\/cotxe-electric\/","title":{"rendered":"Cotxe El\u00e8ctric"},"content":{"rendered":"<p>Volem que la teva \u00fanica tasca amb el cotxe el\u00e8ctric sigui conduir-lo, i per aix\u00f2, t&#8217;oferim una soluci\u00f3 integral que va des de l&#8217;assessorament fins a la instal\u00b7laci\u00f3 del punt de rec\u00e0rrega, passant per la gesti\u00f3, optimitzaci\u00f3 de pot\u00e8ncia i subministrament amb la tarifa que m\u00e9s et convingui.<\/p>\n<p>A m\u00e9s, si necessiteu una instal\u00b7laci\u00f3 compartida, repartirem els costos i controlarem l&#8217;acc\u00e9s i el consum.<\/p>\n<p><strong style=\"color: #2c67f3;\">Nosaltres ho gestionem tot perqu\u00e8 tu nom\u00e9s hagis de gaudir-ne.<\/strong><\/p>\n","protected":false},"excerpt":{"rendered":"<p>Volem que la teva \u00fanica tasca amb el cotxe el\u00e8ctric sigui conduir-lo, i per aix\u00f2, t&#8217;oferim una soluci\u00f3 integral que va des de l&#8217;assessorament fins a la instal\u00b7laci\u00f3 del punt de rec\u00e0rrega, passant per la gesti\u00f3, optimitzaci\u00f3 de pot\u00e8ncia i subministrament amb la tarifa que m\u00e9s et convingui. A m\u00e9s, si necessiteu una instal\u00b7laci\u00f3 compartida, [&hellip;]<\/p>\n","protected":false},"author":5,"featured_media":0,"parent":772,"menu_order":0,"comment_status":"closed","ping_status":"closed","template":"templates\/coche-electrico.php","meta":{"inline_featured_image":false,"footnotes":""},"categories":[5],"tags":[],"acf":[],"yoast_head":"<!-- This site is optimized with the Yoast SEO plugin v22.2 - https:\/\/yoast.com\/wordpress\/plugins\/seo\/ -->\n<title>Cotxe El\u00e8ctric, mobilitat sostenible | factorenergia<\/title>\n<meta name=\"description\" content=\"Gestionem tot perqu\u00e8 et sumis a la mobilitat sostenible amb el cotxe el\u00e8ctric: punt de recarrega, optimitzaci\u00f3 de pot\u00e8ncia i tarifa de llum adaptada.\" \/>\n<meta name=\"robots\" content=\"noindex, follow\" \/>\n<meta name=\"twitter:card\" content=\"summary_large_image\" \/>\n<meta name=\"twitter:title\" content=\"Cotxe El\u00e8ctric, mobilitat sostenible | factorenergia\" \/>\n<meta name=\"twitter:description\" content=\"Gestionem tot perqu\u00e8 et sumis a la mobilitat sostenible amb el cotxe el\u00e8ctric: punt de recarrega, optimitzaci\u00f3 de pot\u00e8ncia i tarifa de llum adaptada.\" \/>\n<meta name=\"twitter:site\" content=\"@factorenergia\" \/>\n<meta name=\"twitter:label1\" content=\"Est. reading time\" \/>\n\t<meta name=\"twitter:data1\" content=\"1 minute\" \/>\n<script type=\"application\/ld+json\" class=\"yoast-schema-graph\">{\"@context\":\"https:\/\/schema.org\",\"@graph\":[{\"@type\":\"WebPage\",\"@id\":\"https:\/\/www.factorenergia.com\/ca\/empreses\/cotxe-electric\/\",\"url\":\"https:\/\/www.factorenergia.com\/ca\/empreses\/cotxe-electric\/\",\"name\":\"Cotxe El\u00e8ctric, mobilitat sostenible | factorenergia\",\"isPartOf\":{\"@id\":\"https:\/\/www.factorenergia.com\/es\/#website\"},\"datePublished\":\"2023-03-20T11:56:05+00:00\",\"dateModified\":\"2024-10-04T09:23:57+00:00\",\"description\":\"Gestionem tot perqu\u00e8 et sumis a la mobilitat sostenible amb el cotxe el\u00e8ctric: punt de recarrega, optimitzaci\u00f3 de pot\u00e8ncia i tarifa de llum adaptada.\",\"breadcrumb\":{\"@id\":\"https:\/\/www.factorenergia.com\/ca\/empreses\/cotxe-electric\/#breadcrumb\"},\"inLanguage\":\"ca\",\"potentialAction\":[{\"@type\":\"ReadAction\",\"target\":[\"https:\/\/www.factorenergia.com\/ca\/empreses\/cotxe-electric\/\"]}]},{\"@type\":\"BreadcrumbList\",\"@id\":\"https:\/\/www.factorenergia.com\/ca\/empreses\/cotxe-electric\/#breadcrumb\",\"itemListElement\":[{\"@type\":\"ListItem\",\"position\":1,\"name\":\"Portada\",\"item\":\"https:\/\/www.factorenergia.com\/ca\/\"},{\"@type\":\"ListItem\",\"position\":2,\"name\":\"Empreses\",\"item\":\"https:\/\/www.factorenergia.com\/ca\/empreses\/\"},{\"@type\":\"ListItem\",\"position\":3,\"name\":\"Cotxe El\u00e8ctric\"}]},{\"@type\":\"WebSite\",\"@id\":\"https:\/\/www.factorenergia.com\/es\/#website\",\"url\":\"https:\/\/www.factorenergia.com\/es\/\",\"name\":\"factorenergia\",\"description\":\"factorenergia\",\"potentialAction\":[{\"@type\":\"SearchAction\",\"target\":{\"@type\":\"EntryPoint\",\"urlTemplate\":\"https:\/\/www.factorenergia.com\/es\/?s={search_term_string}\"},\"query-input\":\"required name=search_term_string\"}],\"inLanguage\":\"ca\"}]}<\/script>\n<!-- \/ Yoast SEO plugin. -->","yoast_head_json":{"title":"Cotxe El\u00e8ctric, mobilitat sostenible | factorenergia","description":"Gestionem tot perqu\u00e8 et sumis a la mobilitat sostenible amb el cotxe el\u00e8ctric: punt de recarrega, optimitzaci\u00f3 de pot\u00e8ncia i tarifa de llum adaptada.","robots":{"index":"noindex","follow":"follow"},"twitter_card":"summary_large_image","twitter_title":"Cotxe El\u00e8ctric, mobilitat sostenible | factorenergia","twitter_description":"Gestionem tot perqu\u00e8 et sumis a la mobilitat sostenible amb el cotxe el\u00e8ctric: punt de recarrega, optimitzaci\u00f3 de pot\u00e8ncia i tarifa de llum adaptada.","twitter_site":"@factorenergia","twitter_misc":{"Est. reading time":"1 minute"},"schema":{"@context":"https:\/\/schema.org","@graph":[{"@type":"WebPage","@id":"https:\/\/www.factorenergia.com\/ca\/empreses\/cotxe-electric\/","url":"https:\/\/www.factorenergia.com\/ca\/empreses\/cotxe-electric\/","name":"Cotxe El\u00e8ctric, mobilitat sostenible | factorenergia","isPartOf":{"@id":"https:\/\/www.factorenergia.com\/es\/#website"},"datePublished":"2023-03-20T11:56:05+00:00","dateModified":"2024-10-04T09:23:57+00:00","description":"Gestionem tot perqu\u00e8 et sumis a la mobilitat sostenible amb el cotxe el\u00e8ctric: punt de recarrega, optimitzaci\u00f3 de pot\u00e8ncia i tarifa de llum adaptada.","breadcrumb":{"@id":"https:\/\/www.factorenergia.com\/ca\/empreses\/cotxe-electric\/#breadcrumb"},"inLanguage":"ca","potentialAction":[{"@type":"ReadAction","target":["https:\/\/www.factorenergia.com\/ca\/empreses\/cotxe-electric\/"]}]},{"@type":"BreadcrumbList","@id":"https:\/\/www.factorenergia.com\/ca\/empreses\/cotxe-electric\/#breadcrumb","itemListElement":[{"@type":"ListItem","position":1,"name":"Portada","item":"https:\/\/www.factorenergia.com\/ca\/"},{"@type":"ListItem","position":2,"name":"Empreses","item":"https:\/\/www.factorenergia.com\/ca\/empreses\/"},{"@type":"ListItem","position":3,"name":"Cotxe El\u00e8ctric"}]},{"@type":"WebSite","@id":"https:\/\/www.factorenergia.com\/es\/#website","url":"https:\/\/www.factorenergia.com\/es\/","name":"factorenergia","description":"factorenergia","potentialAction":[{"@type":"SearchAction","target":{"@type":"EntryPoint","urlTemplate":"https:\/\/www.factorenergia.com\/es\/?s={search_term_string}"},"query-input":"required name=search_term_string"}],"inLanguage":"ca"}]}},"_links":{"self":[{"href":"https:\/\/www.factorenergia.com\/ca\/wp-json\/wp\/v2\/pages\/20292"}],"collection":[{"href":"https:\/\/www.factorenergia.com\/ca\/wp-json\/wp\/v2\/pages"}],"about":[{"href":"https:\/\/www.factorenergia.com\/ca\/wp-json\/wp\/v2\/types\/page"}],"author":[{"embeddable":true,"href":"https:\/\/www.factorenergia.com\/ca\/wp-json\/wp\/v2\/users\/5"}],"replies":[{"embeddable":true,"href":"https:\/\/www.factorenergia.com\/ca\/wp-json\/wp\/v2\/comments?post=20292"}],"version-history":[{"count":4,"href":"https:\/\/www.factorenergia.com\/ca\/wp-json\/wp\/v2\/pages\/20292\/revisions"}],"predecessor-version":[{"id":26277,"href":"https:\/\/www.factorenergia.com\/ca\/wp-json\/wp\/v2\/pages\/20292\/revisions\/26277"}],"up":[{"embeddable":true,"href":"https:\/\/www.factorenergia.com\/ca\/wp-json\/wp\/v2\/pages\/772"}],"wp:attachment":[{"href":"https:\/\/www.factorenergia.com\/ca\/wp-json\/wp\/v2\/media?parent=20292"}],"wp:term":[{"taxonomy":"category","embeddable":true,"href":"https:\/\/www.factorenergia.com\/ca\/wp-json\/wp\/v2\/categories?post=20292"},{"taxonomy":"post_tag","embeddable":true,"href":"https:\/\/www.factorenergia.com\/ca\/wp-json\/wp\/v2\/tags?post=20292"}],"curies":[{"name":"wp","href":"https:\/\/api.w.org\/{rel}","templated":true}]}}

Cotxe Elèctric

<p>Volem que la teva única tasca amb el cotxe elèctric sigui conduir-lo, i per això, t&#8217;oferim una solució integral que va des de l&#8217;assessorament fins a la instal·lació del punt de recàrrega, passant per la gestió, optimització de potència i subministrament amb la tarifa que més et convingui.</p>
<p>A més, si necessiteu una instal·lació compartida, repartirem els costos i controlarem l&#8217;accés i el consum.</p>
<p><strong style="color: #2c67f3;">Nosaltres ho gestionem tot perquè tu només hagis de gaudir-ne.</strong></p>

<p>Volem que la teva única tasca amb el cotxe elèctric sigui conduir-lo, i per això, t&#8217;oferim una solució integral que va des de l&#8217;assessorament fins a la instal·lació del punt de recàrrega, passant per la gestió, optimització de potència i subministrament amb la tarifa que més et convingui. A més, si necessiteu una instal·lació compartida, [&hellip;]</p>

<!-- This site is optimized with the Yoast SEO plugin v22.2 - https://yoast.com/wordpress/plugins/seo/ -->
<title>Cotxe Elèctric, mobilitat sostenible | factorenergia</title>
<meta name="description" content="Gestionem tot perquè et sumis a la mobilitat sostenible amb el cotxe elèctric: punt de recarrega, optimització de potència i tarifa de llum adaptada." />
<meta name="robots" content="noindex, follow" />
<meta name="twitter:card" content="summary_large_image" />
<meta name="twitter:title" content="Cotxe Elèctric, mobilitat sostenible | factorenergia" />
<meta name="twitter:description" content="Gestionem tot perquè et sumis a la mobilitat sostenible amb el cotxe elèctric: punt de recarrega, optimització de potència i tarifa de llum adaptada." />
<meta name="twitter:site" content="@factorenergia" />
<meta name="twitter:label1" content="Est. reading time" />
	<meta name="twitter:data1" content="1 minute" />
<script type="application/ld+json" class="yoast-schema-graph">{"@context":"https://schema.org","@graph":[{"@type":"WebPage","@id":"https://www.factorenergia.com/ca/empreses/cotxe-electric/","url":"https://www.factorenergia.com/ca/empreses/cotxe-electric/","name":"Cotxe Elèctric, mobilitat sostenible | factorenergia","isPartOf":{"@id":"https://www.factorenergia.com/es/#website"},"datePublished":"2023-03-20T11:56:05+00:00","dateModified":"2024-10-04T09:23:57+00:00","description":"Gestionem tot perquè et sumis a la mobilitat sostenible amb el cotxe elèctric: punt de recarrega, optimització de potència i tarifa de llum adaptada.","breadcrumb":{"@id":"https://www.factorenergia.com/ca/empreses/cotxe-electric/#breadcrumb"},"inLanguage":"ca","potentialAction":[{"@type":"ReadAction","target":["https://www.factorenergia.com/ca/empreses/cotxe-electric/"]}]},{"@type":"BreadcrumbList","@id":"https://www.factorenergia.com/ca/empreses/cotxe-electric/#breadcrumb","itemListElement":[{"@type":"ListItem","position":1,"name":"Portada","item":"https://www.factorenergia.com/ca/"},{"@type":"ListItem","position":2,"name":"Empreses","item":"https://www.factorenergia.com/ca/empreses/"},{"@type":"ListItem","position":3,"name":"Cotxe Elèctric"}]},{"@type":"WebSite","@id":"https://www.factorenergia.com/es/#website","url":"https://www.factorenergia.com/es/","name":"factorenergia","description":"factorenergia","potentialAction":[{"@type":"SearchAction","target":{"@type":"EntryPoint","urlTemplate":"https://www.factorenergia.com/es/?s={search_term_string}"},"query-input":"required name=search_term_string"}],"inLanguage":"ca"}]}</script>
<!-- / Yoast SEO plugin. -->

Cotxe Elèctric, mobilitat sostenible | factorenergia

Gestionem tot perquè et sumis a la mobilitat sostenible amb el cotxe elèctric: punt de recarrega, optimització de potència i tarifa de llum adaptada.
