{"id":10687,"date":"2021-05-31T10:27:27","date_gmt":"2021-05-31T08:27:27","guid":{"rendered":"https:\/\/www.factorenergia.com\/ca\/?page_id=10687"},"modified":"2025-08-26T15:24:00","modified_gmt":"2025-08-26T13:24:00","slug":"negocis","status":"publish","type":"page","link":"https:\/\/www.factorenergia.com\/ca\/negocis\/","title":{"rendered":"Negocis"},"content":{"rendered":"<p>Som la primera energ\u00e8tica espanyola que ha acreditat el seu comprom\u00eds amb la sostenibilitat, el medi ambient i l&#8217;estalvi energ\u00e8tic amb el compliment dels ODS.<\/p>\n","protected":false},"excerpt":{"rendered":"<p>Som la primera energ\u00e8tica espanyola que ha acreditat el seu comprom\u00eds amb la sostenibilitat, el medi ambient i l&#8217;estalvi energ\u00e8tic amb el compliment dels ODS.<\/p>\n","protected":false},"author":12,"featured_media":0,"parent":0,"menu_order":0,"comment_status":"closed","ping_status":"closed","template":"templates\/conocenos.php","meta":{"inline_featured_image":false,"footnotes":""},"categories":[14],"tags":[],"acf":[],"yoast_head":"<!-- This site is optimized with the Yoast SEO plugin v22.2 - https:\/\/yoast.com\/wordpress\/plugins\/seo\/ -->\n<title>Tarifas El\u00e9ctricas para tu Negocio | factorenerg\u00eda<\/title>\n<meta name=\"description\" content=\"Ahorra electricidad en tu negocio con las tarifas de factorenerg\u00eda. Somos productores de energ\u00edas renovables y ofrecemos servicio a cogeneradores.\" \/>\n<meta name=\"robots\" content=\"noindex, follow\" \/>\n<meta name=\"twitter:card\" content=\"summary_large_image\" \/>\n<meta name=\"twitter:title\" content=\"Tarifas El\u00e9ctricas para tu Negocio | factorenerg\u00eda\" \/>\n<meta name=\"twitter:description\" content=\"Ahorra electricidad en tu negocio con las tarifas de factorenerg\u00eda. Somos productores de energ\u00edas renovables y ofrecemos servicio a cogeneradores.\" \/>\n<meta name=\"twitter:site\" content=\"@factorenergia\" \/>\n<meta name=\"twitter:label1\" content=\"Est. reading time\" \/>\n\t<meta name=\"twitter:data1\" content=\"1 minute\" \/>\n<script type=\"application\/ld+json\" class=\"yoast-schema-graph\">{\"@context\":\"https:\/\/schema.org\",\"@graph\":[{\"@type\":\"WebPage\",\"@id\":\"https:\/\/www.factorenergia.com\/ca\/negocis\/\",\"url\":\"https:\/\/www.factorenergia.com\/ca\/negocis\/\",\"name\":\"Tarifas El\u00e9ctricas para tu Negocio | factorenerg\u00eda\",\"isPartOf\":{\"@id\":\"https:\/\/www.factorenergia.com\/es\/#website\"},\"datePublished\":\"2021-05-31T08:27:27+00:00\",\"dateModified\":\"2025-08-26T13:24:00+00:00\",\"description\":\"Ahorra electricidad en tu negocio con las tarifas de factorenerg\u00eda. Somos productores de energ\u00edas renovables y ofrecemos servicio a cogeneradores.\",\"breadcrumb\":{\"@id\":\"https:\/\/www.factorenergia.com\/ca\/negocis\/#breadcrumb\"},\"inLanguage\":\"ca\",\"potentialAction\":[{\"@type\":\"ReadAction\",\"target\":[\"https:\/\/www.factorenergia.com\/ca\/negocis\/\"]}]},{\"@type\":\"BreadcrumbList\",\"@id\":\"https:\/\/www.factorenergia.com\/ca\/negocis\/#breadcrumb\",\"itemListElement\":[{\"@type\":\"ListItem\",\"position\":1,\"name\":\"Portada\",\"item\":\"https:\/\/www.factorenergia.com\/ca\/\"},{\"@type\":\"ListItem\",\"position\":2,\"name\":\"Negocis\"}]},{\"@type\":\"WebSite\",\"@id\":\"https:\/\/www.factorenergia.com\/es\/#website\",\"url\":\"https:\/\/www.factorenergia.com\/es\/\",\"name\":\"factorenergia\",\"description\":\"factorenergia\",\"potentialAction\":[{\"@type\":\"SearchAction\",\"target\":{\"@type\":\"EntryPoint\",\"urlTemplate\":\"https:\/\/www.factorenergia.com\/es\/?s={search_term_string}\"},\"query-input\":\"required name=search_term_string\"}],\"inLanguage\":\"ca\"}]}<\/script>\n<!-- \/ Yoast SEO plugin. -->","yoast_head_json":{"title":"Tarifas El\u00e9ctricas para tu Negocio | factorenerg\u00eda","description":"Ahorra electricidad en tu negocio con las tarifas de factorenerg\u00eda. Somos productores de energ\u00edas renovables y ofrecemos servicio a cogeneradores.","robots":{"index":"noindex","follow":"follow"},"twitter_card":"summary_large_image","twitter_title":"Tarifas El\u00e9ctricas para tu Negocio | factorenerg\u00eda","twitter_description":"Ahorra electricidad en tu negocio con las tarifas de factorenerg\u00eda. Somos productores de energ\u00edas renovables y ofrecemos servicio a cogeneradores.","twitter_site":"@factorenergia","twitter_misc":{"Est. reading time":"1 minute"},"schema":{"@context":"https:\/\/schema.org","@graph":[{"@type":"WebPage","@id":"https:\/\/www.factorenergia.com\/ca\/negocis\/","url":"https:\/\/www.factorenergia.com\/ca\/negocis\/","name":"Tarifas El\u00e9ctricas para tu Negocio | factorenerg\u00eda","isPartOf":{"@id":"https:\/\/www.factorenergia.com\/es\/#website"},"datePublished":"2021-05-31T08:27:27+00:00","dateModified":"2025-08-26T13:24:00+00:00","description":"Ahorra electricidad en tu negocio con las tarifas de factorenerg\u00eda. Somos productores de energ\u00edas renovables y ofrecemos servicio a cogeneradores.","breadcrumb":{"@id":"https:\/\/www.factorenergia.com\/ca\/negocis\/#breadcrumb"},"inLanguage":"ca","potentialAction":[{"@type":"ReadAction","target":["https:\/\/www.factorenergia.com\/ca\/negocis\/"]}]},{"@type":"BreadcrumbList","@id":"https:\/\/www.factorenergia.com\/ca\/negocis\/#breadcrumb","itemListElement":[{"@type":"ListItem","position":1,"name":"Portada","item":"https:\/\/www.factorenergia.com\/ca\/"},{"@type":"ListItem","position":2,"name":"Negocis"}]},{"@type":"WebSite","@id":"https:\/\/www.factorenergia.com\/es\/#website","url":"https:\/\/www.factorenergia.com\/es\/","name":"factorenergia","description":"factorenergia","potentialAction":[{"@type":"SearchAction","target":{"@type":"EntryPoint","urlTemplate":"https:\/\/www.factorenergia.com\/es\/?s={search_term_string}"},"query-input":"required name=search_term_string"}],"inLanguage":"ca"}]}},"_links":{"self":[{"href":"https:\/\/www.factorenergia.com\/ca\/wp-json\/wp\/v2\/pages\/10687"}],"collection":[{"href":"https:\/\/www.factorenergia.com\/ca\/wp-json\/wp\/v2\/pages"}],"about":[{"href":"https:\/\/www.factorenergia.com\/ca\/wp-json\/wp\/v2\/types\/page"}],"author":[{"embeddable":true,"href":"https:\/\/www.factorenergia.com\/ca\/wp-json\/wp\/v2\/users\/12"}],"replies":[{"embeddable":true,"href":"https:\/\/www.factorenergia.com\/ca\/wp-json\/wp\/v2\/comments?post=10687"}],"version-history":[{"count":9,"href":"https:\/\/www.factorenergia.com\/ca\/wp-json\/wp\/v2\/pages\/10687\/revisions"}],"predecessor-version":[{"id":30019,"href":"https:\/\/www.factorenergia.com\/ca\/wp-json\/wp\/v2\/pages\/10687\/revisions\/30019"}],"wp:attachment":[{"href":"https:\/\/www.factorenergia.com\/ca\/wp-json\/wp\/v2\/media?parent=10687"}],"wp:term":[{"taxonomy":"category","embeddable":true,"href":"https:\/\/www.factorenergia.com\/ca\/wp-json\/wp\/v2\/categories?post=10687"},{"taxonomy":"post_tag","embeddable":true,"href":"https:\/\/www.factorenergia.com\/ca\/wp-json\/wp\/v2\/tags?post=10687"}],"curies":[{"name":"wp","href":"https:\/\/api.w.org\/{rel}","templated":true}]}}

<p>Som la primera energètica espanyola que ha acreditat el seu compromís amb la sostenibilitat, el medi ambient i l&#8217;estalvi energètic amb el compliment dels ODS.</p>

<!-- This site is optimized with the Yoast SEO plugin v22.2 - https://yoast.com/wordpress/plugins/seo/ -->
<title>Tarifas Eléctricas para tu Negocio | factorenergía</title>
<meta name="description" content="Ahorra electricidad en tu negocio con las tarifas de factorenergía. Somos productores de energías renovables y ofrecemos servicio a cogeneradores." />
<meta name="robots" content="noindex, follow" />
<meta name="twitter:card" content="summary_large_image" />
<meta name="twitter:title" content="Tarifas Eléctricas para tu Negocio | factorenergía" />
<meta name="twitter:description" content="Ahorra electricidad en tu negocio con las tarifas de factorenergía. Somos productores de energías renovables y ofrecemos servicio a cogeneradores." />
<meta name="twitter:site" content="@factorenergia" />
<meta name="twitter:label1" content="Est. reading time" />
	<meta name="twitter:data1" content="1 minute" />
<script type="application/ld+json" class="yoast-schema-graph">{"@context":"https://schema.org","@graph":[{"@type":"WebPage","@id":"https://www.factorenergia.com/ca/negocis/","url":"https://www.factorenergia.com/ca/negocis/","name":"Tarifas Eléctricas para tu Negocio | factorenergía","isPartOf":{"@id":"https://www.factorenergia.com/es/#website"},"datePublished":"2021-05-31T08:27:27+00:00","dateModified":"2025-08-26T13:24:00+00:00","description":"Ahorra electricidad en tu negocio con las tarifas de factorenergía. Somos productores de energías renovables y ofrecemos servicio a cogeneradores.","breadcrumb":{"@id":"https://www.factorenergia.com/ca/negocis/#breadcrumb"},"inLanguage":"ca","potentialAction":[{"@type":"ReadAction","target":["https://www.factorenergia.com/ca/negocis/"]}]},{"@type":"BreadcrumbList","@id":"https://www.factorenergia.com/ca/negocis/#breadcrumb","itemListElement":[{"@type":"ListItem","position":1,"name":"Portada","item":"https://www.factorenergia.com/ca/"},{"@type":"ListItem","position":2,"name":"Negocis"}]},{"@type":"WebSite","@id":"https://www.factorenergia.com/es/#website","url":"https://www.factorenergia.com/es/","name":"factorenergia","description":"factorenergia","potentialAction":[{"@type":"SearchAction","target":{"@type":"EntryPoint","urlTemplate":"https://www.factorenergia.com/es/?s={search_term_string}"},"query-input":"required name=search_term_string"}],"inLanguage":"ca"}]}</script>
<!-- / Yoast SEO plugin. -->

Tarifas Eléctricas para tu Negocio | factorenergía

Ahorra electricidad en tu negocio con las tarifas de factorenergía. Somos productores de energías renovables y ofrecemos servicio a cogeneradores.
